Last updated on 2025-05-07 03:50:54 CEST.
Flavor | Version | Tinstall | Tcheck | Ttotal | Status | Flags |
---|---|---|---|---|---|---|
r-devel-linux-x86_64-debian-clang | 1.0.1 | 4.99 | 60.44 | 65.43 | OK | |
r-devel-linux-x86_64-debian-gcc | 1.0.1 | 3.10 | 41.98 | 45.08 | OK | |
r-devel-linux-x86_64-fedora-clang | 1.0.1 | 95.48 | OK | |||
r-devel-linux-x86_64-fedora-gcc | 1.0.1 | 111.40 | OK | |||
r-devel-windows-x86_64 | 1.0.1 | 8.00 | 90.00 | 98.00 | OK | |
r-patched-linux-x86_64 | 1.0.1 | 5.15 | 57.03 | 62.18 | OK | |
r-release-linux-x86_64 | 1.0.1 | 5.27 | 56.85 | 62.12 | OK | |
r-release-macos-arm64 | 1.0.1 | 36.00 | OK | |||
r-release-macos-x86_64 | 1.0.1 | 74.00 | OK | |||
r-release-windows-x86_64 | 1.0.1 | 7.00 | 77.00 | 84.00 | OK | |
r-oldrel-macos-arm64 | 1.0.1 | 36.00 | NOTE | |||
r-oldrel-macos-x86_64 | 1.0.1 | 56.00 | NOTE | |||
r-oldrel-windows-x86_64 | 1.0.1 | 10.00 | 88.00 | 98.00 | NOTE |
Version: 1.0.1
Check: LazyData
Result: NOTE
'LazyData' is specified without a 'data' directory
Flavors: r-oldrel-macos-arm64, r-oldrel-macos-x86_64, r-oldrel-windows-x86_64