Last updated on 2025-05-06 03:50:56 CEST.
Flavor | Version | Tinstall | Tcheck | Ttotal | Status | Flags |
---|---|---|---|---|---|---|
r-devel-linux-x86_64-debian-clang | 1.9.0 | 81.87 | 219.78 | 301.65 | NOTE | |
r-devel-linux-x86_64-debian-gcc | 1.9.0 | 54.85 | 117.45 | 172.30 | NOTE | |
r-devel-linux-x86_64-fedora-clang | 1.9.0 | 539.08 | OK | |||
r-devel-linux-x86_64-fedora-gcc | 1.9.0 | 547.86 | OK | |||
r-devel-windows-x86_64 | 1.9.0 | 85.00 | 291.00 | 376.00 | OK | |
r-patched-linux-x86_64 | 1.9.0 | 78.99 | 196.63 | 275.62 | OK | |
r-release-linux-x86_64 | 1.9.0 | 82.69 | 191.03 | 273.72 | OK | |
r-release-macos-arm64 | 1.9.0 | 130.00 | OK | |||
r-release-macos-x86_64 | 1.9.0 | 242.00 | OK | |||
r-release-windows-x86_64 | 1.9.0 | 87.00 | 287.00 | 374.00 | OK | |
r-oldrel-macos-arm64 | 1.9.0 | 111.00 | NOTE | |||
r-oldrel-macos-x86_64 | 1.9.0 | 193.00 | NOTE | |||
r-oldrel-windows-x86_64 | 1.9.0 | 101.00 | 400.00 | 501.00 | OK |
Version: 1.9.0
Check: CRAN incoming feasibility
Result: NOTE
Maintainer: ‘Liang He <hyx520101@gmail.com>’
No Authors@R field in DESCRIPTION.
Please add one, modifying
Authors@R: person(given = "Liang",
family = "He",
role = c("aut", "cre"),
email = "hyx520101@gmail.com")
as necessary.
Flavors: r-devel-linux-x86_64-debian-clang, r-devel-linux-x86_64-debian-gcc
Version: 1.9.0
Check: installed package size
Result: NOTE
installed size is 7.5Mb
sub-directories of 1Mb or more:
doc 1.7Mb
libs 5.4Mb
Flavors: r-oldrel-macos-arm64, r-oldrel-macos-x86_64