CRAN Package Check Results for Package ADGofTest

Last updated on 2025-05-04 03:50:47 CEST.

Flavor Version Tinstall Tcheck Ttotal Status Flags
r-devel-linux-x86_64-debian-clang 0.3 1.58 9.75 11.33 NOTE
r-devel-linux-x86_64-debian-gcc 0.3 1.41 13.26 14.67 NOTE
r-devel-linux-x86_64-fedora-clang 0.3 27.26 NOTE
r-devel-linux-x86_64-fedora-gcc 0.3 25.87 NOTE
r-devel-windows-x86_64 0.3 3.00 28.00 31.00 NOTE
r-patched-linux-x86_64 0.3 1.32 9.41 10.73 NOTE
r-release-linux-x86_64 NOTE
r-release-macos-arm64 0.3 15.00 NOTE
r-release-macos-x86_64 0.3 25.00 NOTE
r-release-windows-x86_64 0.3 3.00 36.00 39.00 NOTE
r-oldrel-macos-arm64 0.3 20.00 NOTE
r-oldrel-macos-x86_64 0.3 18.00 NOTE
r-oldrel-windows-x86_64 0.3 3.00 43.00 46.00 NOTE

Check Details

Version: 0.3
Check: CRAN incoming feasibility
Result: NOTE Maintainer: ‘Carlos J. Gil Bellosta <cgb@datanalytics.com>’ No Authors@R field in DESCRIPTION. Please add one, modifying Authors@R: person(given = c("Carlos", "J.", "Gil"), family = "Bellosta", role = c("aut", "cre"), email = "cgb@datanalytics.com") as necessary. Flavors: r-devel-linux-x86_64-debian-clang, r-devel-linux-x86_64-debian-gcc

Version: 0.3
Check: DESCRIPTION meta-information
Result: NOTE Malformed Description field: should contain one or more complete sentences. Flavors: r-devel-linux-x86_64-debian-clang, r-devel-linux-x86_64-debian-gcc, r-devel-linux-x86_64-fedora-clang, r-devel-linux-x86_64-fedora-gcc, r-devel-windows-x86_64, r-patched-linux-x86_64, r-release-linux-x86_64, r-release-macos-arm64, r-release-macos-x86_64, r-release-windows-x86_64, r-oldrel-macos-arm64, r-oldrel-macos-x86_64, r-oldrel-windows-x86_64