CRAN Package Check Results for Package ALS

Last updated on 2025-05-04 03:50:47 CEST.

Flavor Version Tinstall Tcheck Ttotal Status Flags
r-devel-linux-x86_64-debian-clang 0.0.7 1.86 22.10 23.96 NOTE
r-devel-linux-x86_64-debian-gcc 0.0.7 1.79 17.59 19.38 NOTE
r-devel-linux-x86_64-fedora-clang 0.0.7 37.79 OK
r-devel-linux-x86_64-fedora-gcc 0.0.7 35.80 OK
r-devel-windows-x86_64 0.0.7 4.00 43.00 47.00 OK
r-patched-linux-x86_64 0.0.7 2.04 21.22 23.26 OK
r-release-linux-x86_64 OK
r-release-macos-arm64 0.0.7 17.00 OK
r-release-macos-x86_64 0.0.7 30.00 OK
r-release-windows-x86_64 0.0.7 5.00 45.00 50.00 OK
r-oldrel-macos-arm64 0.0.7 22.00 OK
r-oldrel-macos-x86_64 0.0.7 25.00 OK
r-oldrel-windows-x86_64 0.0.7 4.00 44.00 48.00 OK

Check Details

Version: 0.0.7
Check: CRAN incoming feasibility
Result: NOTE Maintainer: ‘Katharine Mullen <mullenkate@gmail.com>’ No Authors@R field in DESCRIPTION. Please add one, modifying Authors@R: c(person(given = c("Katharine", "M."), family = "Mullen", role = "aut"), person(given = "Katharine", family = "Mullen", role = "cre", email = "mullenkate@gmail.com")) as necessary. Flavors: r-devel-linux-x86_64-debian-clang, r-devel-linux-x86_64-debian-gcc