CRAN Package Check Results for Package AMModels

Last updated on 2025-05-06 03:50:56 CEST.

Flavor Version Tinstall Tcheck Ttotal Status Flags
r-devel-linux-x86_64-debian-clang 0.1.4 9.21 50.23 59.44 NOTE
r-devel-linux-x86_64-debian-gcc 0.1.4 6.19 38.27 44.46 NOTE
r-devel-linux-x86_64-fedora-clang 0.1.4 92.77 OK
r-devel-linux-x86_64-fedora-gcc 0.1.4 101.97 OK
r-devel-windows-x86_64 0.1.4 10.00 68.00 78.00 OK
r-patched-linux-x86_64 0.1.4 9.39 48.52 57.91 OK
r-release-linux-x86_64 0.1.4 8.19 48.93 57.12 OK
r-release-macos-arm64 0.1.4 45.00 OK
r-release-macos-x86_64 0.1.4 63.00 OK
r-release-windows-x86_64 0.1.4 11.00 69.00 80.00 OK
r-oldrel-macos-arm64 0.1.4 35.00 OK
r-oldrel-macos-x86_64 0.1.4 50.00 OK
r-oldrel-windows-x86_64 0.1.4 12.00 79.00 91.00 OK

Check Details

Version: 0.1.4
Check: CRAN incoming feasibility
Result: NOTE Maintainer: ‘Jon Katz <jonkatz4@gmail.com>’ No Authors@R field in DESCRIPTION. Please add one, modifying Authors@R: c(person(given = "Jon", family = "Katz", role = c("aut", "cre"), email = "jonkatz4@gmail.com"), person(given = "Therese", family = "Donovan", role = "aut", email = "tdonovan@uvm.edu")) as necessary. Package CITATION file contains call(s) to old-style personList() or as.personList(). Please use c() on person objects instead. Package CITATION file contains call(s) to old-style citEntry(). Please use bibentry() instead. Found the following \keyword or \concept entries which likely give several index terms: File ‘simCovariate.Rd’: \keyword{datagen,} Flavors: r-devel-linux-x86_64-debian-clang, r-devel-linux-x86_64-debian-gcc