Last updated on 2025-05-07 03:50:54 CEST.
Flavor | Version | Tinstall | Tcheck | Ttotal | Status | Flags |
---|---|---|---|---|---|---|
r-devel-linux-x86_64-debian-clang | 0.5 | 11.98 | 106.80 | 118.78 | NOTE | |
r-devel-linux-x86_64-debian-gcc | 0.5 | 8.23 | 76.54 | 84.77 | NOTE | |
r-devel-linux-x86_64-fedora-clang | 0.5 | 179.82 | OK | |||
r-devel-linux-x86_64-fedora-gcc | 0.5 | 189.07 | OK | |||
r-devel-windows-x86_64 | 0.5 | 13.00 | 126.00 | 139.00 | OK | |
r-patched-linux-x86_64 | 0.5 | 10.67 | 101.00 | 111.67 | OK | |
r-release-linux-x86_64 | 0.5 | 10.94 | 101.95 | 112.89 | OK | |
r-release-macos-arm64 | 0.5 | 76.00 | OK | |||
r-release-macos-x86_64 | 0.5 | 134.00 | OK | |||
r-release-windows-x86_64 | 0.5 | 14.00 | 127.00 | 141.00 | OK | |
r-oldrel-macos-arm64 | 0.5 | 57.00 | OK | |||
r-oldrel-macos-x86_64 | 0.5 | 134.00 | OK | |||
r-oldrel-windows-x86_64 | 0.5 | 18.00 | 147.00 | 165.00 | OK |
Version: 0.5
Check: CRAN incoming feasibility
Result: NOTE
Maintainer: ‘Philip Pallmann <p.pallmann@lancaster.ac.uk>’
No Authors@R field in DESCRIPTION.
Please add one, modifying
Authors@R: person(given = "Philip",
family = "Pallmann",
role = c("aut", "cre"),
email = "p.pallmann@lancaster.ac.uk")
as necessary.
Package CITATION file contains call(s) to old-style personList() or
as.personList(). Please use c() on person objects instead.
Package CITATION file contains call(s) to old-style citEntry(). Please
use bibentry() instead.
Flavors: r-devel-linux-x86_64-debian-clang, r-devel-linux-x86_64-debian-gcc