CRAN Package Check Results for Package ASRgenomics

Last updated on 2025-07-04 03:50:20 CEST.

Flavor Version Tinstall Tcheck Ttotal Status Flags
r-devel-linux-x86_64-debian-clang 1.1.4 50.02 186.11 236.13 NOTE
r-devel-linux-x86_64-debian-gcc 1.1.4 36.94 135.82 172.76 NOTE
r-devel-linux-x86_64-fedora-clang 1.1.4 382.99 NOTE
r-devel-linux-x86_64-fedora-gcc 1.1.4 364.33 NOTE
r-devel-windows-x86_64 1.1.4 58.00 170.00 228.00 NOTE
r-patched-linux-x86_64 1.1.4 48.70 175.28 223.98 NOTE
r-release-linux-x86_64 1.1.4 47.48 173.58 221.06 NOTE
r-release-macos-arm64 1.1.4 112.00 NOTE
r-release-macos-x86_64 1.1.4 226.00 OK
r-release-windows-x86_64 1.1.4 55.00 170.00 225.00 NOTE
r-oldrel-macos-arm64 1.1.4 101.00 NOTE
r-oldrel-macos-x86_64 1.1.4 171.00 NOTE
r-oldrel-windows-x86_64 1.1.4 79.00 231.00 310.00 OK

Check Details

Version: 1.1.4
Check: DESCRIPTION meta-information
Result: NOTE Missing dependency on R >= 4.1.0 because package code uses the pipe |> or function shorthand \(...) syntax added in R 4.1.0. File(s) using such syntax: ‘ped.pine.Rd’ ‘ped.salmon.Rd’ ‘pheno.apple.Rd’ ‘pheno.pine.Rd’ ‘pheno.salmon.Rd’ Flavors: r-devel-linux-x86_64-debian-clang, r-devel-linux-x86_64-debian-gcc, r-devel-linux-x86_64-fedora-clang, r-devel-linux-x86_64-fedora-gcc, r-devel-windows-x86_64, r-patched-linux-x86_64, r-release-linux-x86_64, r-release-macos-arm64, r-release-windows-x86_64

Version: 1.1.4
Check: installed package size
Result: NOTE installed size is 5.8Mb sub-directories of 1Mb or more: data 5.4Mb Flavors: r-oldrel-macos-arm64, r-oldrel-macos-x86_64