Last updated on 2025-10-31 02:50:25 CET.
| Flavor | Version | Tinstall | Tcheck | Ttotal | Status | Flags | 
|---|---|---|---|---|---|---|
| r-devel-linux-x86_64-debian-clang | 1.11.189-1 | 3.00 | 32.25 | 35.25 | NOTE | |
| r-devel-linux-x86_64-debian-gcc | 1.11.189-1 | 1.99 | 25.22 | 27.21 | NOTE | |
| r-devel-linux-x86_64-fedora-clang | 1.11.189-1 | 50.79 | OK | |||
| r-devel-linux-x86_64-fedora-gcc | 1.11.189-1 | 48.71 | OK | |||
| r-devel-windows-x86_64 | 1.11.189-1 | 4.00 | 47.00 | 51.00 | OK | |
| r-patched-linux-x86_64 | 1.11.189-1 | 2.56 | 29.11 | 31.67 | OK | |
| r-release-linux-x86_64 | 1.11.189-1 | 2.68 | 29.17 | 31.85 | OK | |
| r-release-macos-arm64 | 1.11.189-1 | 2.00 | 19.00 | 21.00 | OK | |
| r-release-macos-x86_64 | 1.11.189-1 | 3.00 | 31.00 | 34.00 | OK | |
| r-release-windows-x86_64 | 1.11.189-1 | 6.00 | 48.00 | 54.00 | OK | |
| r-oldrel-macos-arm64 | 1.11.189-1 | 2.00 | 22.00 | 24.00 | OK | |
| r-oldrel-macos-x86_64 | 1.11.189-1 | 2.00 | 26.00 | 28.00 | OK | |
| r-oldrel-windows-x86_64 | 1.11.189-1 | 4.00 | 49.00 | 53.00 | OK | 
Version: 1.11.189-1
Check: CRAN incoming feasibility
Result: NOTE
  Maintainer: ‘Gergely Daroczi <daroczig@rapporter.net>’
  
  No Authors@R field in DESCRIPTION.
  Please add one, modifying
    Authors@R: person(given = "Gergely",
                      family = "Daroczi",
                      role = c("aut", "cre"),
                      email = "daroczig@rapporter.net")
  as necessary.
Flavors: r-devel-linux-x86_64-debian-clang, r-devel-linux-x86_64-debian-gcc