Last updated on 2025-05-04 03:50:47 CEST.
Flavor | Version | Tinstall | Tcheck | Ttotal | Status | Flags |
---|---|---|---|---|---|---|
r-devel-linux-x86_64-debian-clang | 1.0-3 | 1.81 | 19.89 | 21.70 | NOTE | |
r-devel-linux-x86_64-debian-gcc | 1.0-3 | 1.50 | 16.31 | 17.81 | NOTE | |
r-devel-linux-x86_64-fedora-clang | 1.0-3 | 34.28 | OK | |||
r-devel-linux-x86_64-fedora-gcc | 1.0-3 | 32.62 | OK | |||
r-devel-windows-x86_64 | 1.0-3 | 4.00 | 50.00 | 54.00 | NOTE | |
r-patched-linux-x86_64 | 1.0-3 | 1.72 | 19.27 | 20.99 | NOTE | |
r-release-linux-x86_64 | NOTE | |||||
r-release-macos-arm64 | 1.0-3 | 18.00 | OK | |||
r-release-macos-x86_64 | 1.0-3 | 34.00 | OK | |||
r-release-windows-x86_64 | 1.0-3 | 3.00 | 48.00 | 51.00 | NOTE | |
r-oldrel-macos-arm64 | 1.0-3 | 17.00 | OK | |||
r-oldrel-macos-x86_64 | 1.0-3 | 28.00 | OK | |||
r-oldrel-windows-x86_64 | 1.0-3 | 3.00 | 48.00 | 51.00 | OK |
Version: 1.0-3
Check: CRAN incoming feasibility
Result: NOTE
Maintainer: ‘Sam Buttrey <buttrey@nps.edu>’
No Authors@R field in DESCRIPTION.
Please add one, modifying
Authors@R: c(person(given = "Dave",
family = "Ruth",
role = "aut"),
person(given = "Sam",
family = "Buttrey",
role = c("aut", "cre"),
email = "buttrey@nps.edu"))
as necessary.
Flavors: r-devel-linux-x86_64-debian-clang, r-devel-linux-x86_64-debian-gcc
Version: 1.0-3
Check: Rd cross-references
Result: NOTE
Found the following Rd file(s) with Rd \link{} targets missing package
anchors:
rRegMatch.Rd: daisy, treeClust.dist
Please provide package anchors for all Rd \link{} targets not in the
package itself and the base packages.
Flavors: r-devel-linux-x86_64-debian-clang, r-devel-linux-x86_64-debian-gcc, r-devel-windows-x86_64, r-patched-linux-x86_64, r-release-linux-x86_64, r-release-windows-x86_64