Last updated on 2025-07-25 03:51:16 CEST.
Flavor | Version | Tinstall | Tcheck | Ttotal | Status | Flags |
---|---|---|---|---|---|---|
r-devel-linux-x86_64-debian-clang | 1.6.1 | 197.03 | 88.30 | 285.33 | OK | |
r-devel-linux-x86_64-debian-gcc | 1.6.1 | 151.38 | 60.28 | 211.66 | OK | |
r-devel-linux-x86_64-fedora-clang | 1.6.1 | 515.41 | OK | |||
r-devel-linux-x86_64-fedora-gcc | 1.6.1 | 530.42 | OK | |||
r-devel-windows-x86_64 | 1.6.1 | 221.00 | 155.00 | 376.00 | OK | |
r-patched-linux-x86_64 | 1.6.1 | 213.75 | 79.22 | 292.97 | OK | |
r-release-linux-x86_64 | 1.6.1 | 199.64 | 79.65 | 279.29 | OK | |
r-release-macos-arm64 | 1.6.1 | 127.00 | OK | |||
r-release-macos-x86_64 | 1.6.1 | 163.00 | OK | |||
r-release-windows-x86_64 | 1.6.1 | 213.00 | 160.00 | 373.00 | OK | |
r-oldrel-macos-arm64 | 1.6.1 | 117.00 | NOTE | |||
r-oldrel-macos-x86_64 | 1.6.1 | 182.00 | NOTE | |||
r-oldrel-windows-x86_64 | 1.6.1 | 259.00 | 188.00 | 447.00 | OK |
Version: 1.6.1
Check: installed package size
Result: NOTE
installed size is 19.5Mb
sub-directories of 1Mb or more:
libs 18.2Mb
Flavors: r-oldrel-macos-arm64, r-oldrel-macos-x86_64