Last updated on 2025-05-07 03:50:54 CEST.
Flavor | Version | Tinstall | Tcheck | Ttotal | Status | Flags |
---|---|---|---|---|---|---|
r-devel-linux-x86_64-debian-clang | 3.0.0 | 14.78 | 41.46 | 56.24 | OK | |
r-devel-linux-x86_64-debian-gcc | 3.0.0 | 11.74 | 31.36 | 43.10 | WARN | |
r-devel-linux-x86_64-fedora-clang | 3.0.0 | 89.98 | OK | |||
r-devel-linux-x86_64-fedora-gcc | 3.0.0 | 115.34 | OK | |||
r-devel-windows-x86_64 | 3.0.0 | 20.00 | 82.00 | 102.00 | WARN | |
r-patched-linux-x86_64 | 3.0.0 | 17.41 | 39.99 | 57.40 | OK | |
r-release-linux-x86_64 | 3.0.0 | 18.34 | 40.15 | 58.49 | OK | |
r-release-macos-arm64 | 3.0.0 | 41.00 | OK | |||
r-release-macos-x86_64 | 3.0.0 | 60.00 | OK | |||
r-release-windows-x86_64 | 3.0.0 | 20.00 | 82.00 | 102.00 | OK | |
r-oldrel-macos-arm64 | 3.0.0 | 53.00 | OK | |||
r-oldrel-macos-x86_64 | 3.0.0 | 125.00 | OK | |||
r-oldrel-windows-x86_64 | 3.0.0 | 24.00 | 99.00 | 123.00 | OK |
Version: 3.0.0
Check: whether package can be installed
Result: WARN
Found the following significant warnings:
/usr/include/c++/14/bits/stl_algobase.h:452:30: warning: ‘void* __builtin_memmove(void*, const void*, long unsigned int)’ forming offset 4 is out of the bounds [0, 4] [-Warray-bounds=]
See ‘/home/hornik/tmp/R.check/r-devel-gcc/Work/PKGS/Apoderoides.Rcheck/00install.out’ for details.
* used C++ compiler: ‘g++-14 (Debian 14.2.0-19) 14.2.0’
Flavor: r-devel-linux-x86_64-debian-gcc
Version: 3.0.0
Check: whether package can be installed
Result: WARN
Found the following significant warnings:
D:/rtools45/x86_64-w64-mingw32.static.posix/lib/gcc/x86_64-w64-mingw32.static.posix/14.2.0/include/c++/bits/stl_algobase.h:452:30: warning: 'void* __builtin_memmove(void*, const void*, long long unsigned int)' forming offset 4 is out of the bounds [0, 4] [-Warray-bounds=]
See 'd:/Rcompile/CRANpkg/local/4.6/Apoderoides.Rcheck/00install.out' for details.
* used C++ compiler: 'g++.exe (GCC) 14.2.0'
Flavor: r-devel-windows-x86_64