Last updated on 2025-05-04 03:50:47 CEST.
Flavor | Version | Tinstall | Tcheck | Ttotal | Status | Flags |
---|---|---|---|---|---|---|
r-devel-linux-x86_64-debian-clang | 1.0 | 3.30 | 42.28 | 45.58 | NOTE | |
r-devel-linux-x86_64-debian-gcc | 1.0 | 2.95 | 31.87 | 34.82 | NOTE | |
r-devel-linux-x86_64-fedora-clang | 1.0 | 71.66 | NOTE | |||
r-devel-linux-x86_64-fedora-gcc | 1.0 | 70.83 | NOTE | |||
r-devel-windows-x86_64 | 1.0 | 5.00 | 69.00 | 74.00 | NOTE | |
r-patched-linux-x86_64 | 1.0 | 3.83 | 43.12 | 46.95 | NOTE | |
r-release-linux-x86_64 | NOTE | |||||
r-release-macos-arm64 | 1.0 | 30.00 | NOTE | |||
r-release-macos-x86_64 | 1.0 | 52.00 | NOTE | |||
r-release-windows-x86_64 | 1.0 | 4.00 | 72.00 | 76.00 | NOTE | |
r-oldrel-macos-arm64 | 1.0 | 29.00 | NOTE | |||
r-oldrel-macos-x86_64 | 1.0 | 44.00 | NOTE | |||
r-oldrel-windows-x86_64 | 1.0 | 6.00 | 66.00 | 72.00 | NOTE |
Version: 1.0
Check: Rd files
Result: NOTE
checkRd: (-1) getages.Rd:11: Lost braces; missing escapes or markup?
11 | containing the amalgamated $^{40}$Ar$^*$/$^{39}$Ar$_K$-ratios and
| ^
checkRd: (-1) getages.Rd:11: Lost braces; missing escapes or markup?
11 | containing the amalgamated $^{40}$Ar$^*$/$^{39}$Ar$_K$-ratios and
| ^
Flavors: r-devel-linux-x86_64-debian-clang, r-devel-linux-x86_64-debian-gcc, r-devel-linux-x86_64-fedora-clang, r-devel-linux-x86_64-fedora-gcc, r-devel-windows-x86_64, r-patched-linux-x86_64, r-release-linux-x86_64, r-release-macos-arm64, r-release-macos-x86_64, r-release-windows-x86_64, r-oldrel-macos-arm64, r-oldrel-macos-x86_64, r-oldrel-windows-x86_64