Last updated on 2025-05-06 03:50:57 CEST.
Flavor | Version | Tinstall | Tcheck | Ttotal | Status | Flags |
---|---|---|---|---|---|---|
r-devel-linux-x86_64-debian-clang | 2.2.2 | 6.75 | 35.90 | 42.65 | OK | |
r-devel-linux-x86_64-debian-gcc | 2.2.2 | 3.74 | 27.62 | 31.36 | OK | |
r-devel-linux-x86_64-fedora-clang | 2.2.2 | 68.75 | OK | |||
r-devel-linux-x86_64-fedora-gcc | 2.2.2 | 75.96 | OK | |||
r-devel-windows-x86_64 | 2.2.2 | 7.00 | 59.00 | 66.00 | OK | |
r-patched-linux-x86_64 | 2.2.2 | 7.34 | 33.29 | 40.63 | OK | |
r-release-linux-x86_64 | 2.2.2 | 5.87 | 32.70 | 38.57 | OK | |
r-release-macos-arm64 | 2.2.2 | 30.00 | OK | |||
r-release-macos-x86_64 | 2.2.2 | 87.00 | OK | |||
r-release-windows-x86_64 | 2.2.2 | 9.00 | 60.00 | 69.00 | OK | |
r-oldrel-macos-arm64 | 2.2.2 | 28.00 | OK | |||
r-oldrel-macos-x86_64 | 2.2.2 | 60.00 | NOTE | |||
r-oldrel-windows-x86_64 | 2.2.2 | 10.00 | 67.00 | 77.00 | OK |
Version: 2.2.2
Check: package dependencies
Result: NOTE
Package suggested but not available for checking: ‘AzureKeyVault’
Flavor: r-oldrel-macos-x86_64