Last updated on 2025-05-06 03:50:57 CEST.
Flavor | Version | Tinstall | Tcheck | Ttotal | Status | Flags |
---|---|---|---|---|---|---|
r-devel-linux-x86_64-debian-clang | 1.0 | 5.65 | 46.04 | 51.69 | OK | |
r-devel-linux-x86_64-debian-gcc | 1.0 | 4.29 | 33.65 | 37.94 | OK | |
r-devel-linux-x86_64-fedora-clang | 1.0 | 76.88 | OK | |||
r-devel-linux-x86_64-fedora-gcc | 1.0 | 78.20 | OK | |||
r-devel-windows-x86_64 | 1.0 | 8.00 | 63.00 | 71.00 | OK | |
r-patched-linux-x86_64 | 1.0 | 5.00 | 43.73 | 48.73 | OK | |
r-release-linux-x86_64 | 1.0 | 5.60 | 43.80 | 49.40 | OK | |
r-release-macos-arm64 | 1.0 | 30.00 | OK | |||
r-release-macos-x86_64 | 1.0 | 66.00 | OK | |||
r-release-windows-x86_64 | 1.0 | 7.00 | 63.00 | 70.00 | OK | |
r-oldrel-macos-arm64 | 1.0 | 25.00 | NOTE | |||
r-oldrel-macos-x86_64 | 1.0 | 47.00 | NOTE | |||
r-oldrel-windows-x86_64 | 1.0 | 9.00 | 74.00 | 83.00 | NOTE |
Version: 1.0
Check: LazyData
Result: NOTE
'LazyData' is specified without a 'data' directory
Flavors: r-oldrel-macos-arm64, r-oldrel-macos-x86_64, r-oldrel-windows-x86_64