CRAN Package Check Results for Package BACprior

Last updated on 2025-05-04 03:50:48 CEST.

Flavor Version Tinstall Tcheck Ttotal Status Flags
r-devel-linux-x86_64-debian-clang 2.1.1 1.80 23.65 25.45 NOTE
r-devel-linux-x86_64-debian-gcc 2.1.1 1.51 18.02 19.53 NOTE
r-devel-linux-x86_64-fedora-clang 2.1.1 41.90 OK
r-devel-linux-x86_64-fedora-gcc 2.1.1 39.46 OK
r-devel-windows-x86_64 2.1.1 3.00 46.00 49.00 NOTE
r-patched-linux-x86_64 2.1.1 1.70 22.63 24.33 NOTE
r-release-linux-x86_64 NOTE
r-release-macos-arm64 2.1.1 18.00 OK
r-release-macos-x86_64 2.1.1 27.00 OK
r-release-windows-x86_64 2.1.1 3.00 46.00 49.00 NOTE
r-oldrel-macos-arm64 2.1.1 22.00 OK
r-oldrel-macos-x86_64 2.1.1 23.00 OK
r-oldrel-windows-x86_64 2.1.1 3.00 48.00 51.00 OK

Check Details

Version: 2.1.1
Check: CRAN incoming feasibility
Result: NOTE Maintainer: ‘Denis Talbot <denis.talbot@fmed.ulaval.ca>’ No Authors@R field in DESCRIPTION. Please add one, modifying Authors@R: c(person(given = "Denis", family = "Talbot", role = c("aut", "cre"), email = "denis.talbot@fmed.ulaval.ca"), person(given = "Genevieve", family = "Lefebvre", role = "aut"), person(given = "Juli", family = "Atherton", role = "aut")) as necessary. Flavors: r-devel-linux-x86_64-debian-clang, r-devel-linux-x86_64-debian-gcc

Version: 2.1.1
Check: Rd cross-references
Result: NOTE Found the following Rd file(s) with Rd \link{} targets missing package anchors: BACprior.lm.Rd: regsubsets Please provide package anchors for all Rd \link{} targets not in the package itself and the base packages. Flavors: r-devel-linux-x86_64-debian-clang, r-devel-linux-x86_64-debian-gcc, r-devel-windows-x86_64, r-patched-linux-x86_64, r-release-linux-x86_64, r-release-windows-x86_64