Last updated on 2025-05-06 03:50:57 CEST.
Flavor | Version | Tinstall | Tcheck | Ttotal | Status | Flags |
---|---|---|---|---|---|---|
r-devel-linux-x86_64-debian-clang | 0.2-10 | 2.68 | 26.77 | 29.45 | NOTE | |
r-devel-linux-x86_64-debian-gcc | 0.2-10 | 2.02 | 21.13 | 23.15 | NOTE | |
r-devel-linux-x86_64-fedora-clang | 0.2-10 | 46.53 | OK | |||
r-devel-linux-x86_64-fedora-gcc | 0.2-10 | 44.28 | OK | |||
r-devel-windows-x86_64 | 0.2-10 | 4.00 | 53.00 | 57.00 | OK | |
r-patched-linux-x86_64 | 0.2-10 | 2.99 | 25.47 | 28.46 | OK | |
r-release-linux-x86_64 | 0.2-10 | 2.69 | 25.67 | 28.36 | OK | |
r-release-macos-arm64 | 0.2-10 | 21.00 | OK | |||
r-release-macos-x86_64 | 0.2-10 | 47.00 | OK | |||
r-release-windows-x86_64 | 0.2-10 | 4.00 | 54.00 | 58.00 | OK | |
r-oldrel-macos-arm64 | 0.2-10 | 26.00 | OK | |||
r-oldrel-macos-x86_64 | 0.2-10 | 48.00 | OK | |||
r-oldrel-windows-x86_64 | 0.2-10 | 3.00 | 57.00 | 60.00 | OK |
Version: 0.2-10
Check: CRAN incoming feasibility
Result: NOTE
Maintainer: ‘Edward M.H. Lin <ed.mhlin@gmail.com>’
No Authors@R field in DESCRIPTION.
Please add one, modifying
Authors@R: c(person(given = c("Cathy", "W.", "S."),
family = "Chen",
role = "aut"),
person(given = c("Edward", "M.H."),
family = "Lin",
role = c("aut", "cre"),
email = "ed.mhlin@gmail.com"),
person(given = "F.C.",
family = "Liu",
role = "aut"),
person(given = "Richard",
family = "Gerlach",
role = "aut"))
as necessary.
Flavors: r-devel-linux-x86_64-debian-clang, r-devel-linux-x86_64-debian-gcc