CRAN Package Check Results for Package BCEA

Last updated on 2025-07-03 03:49:36 CEST.

Flavor Version Tinstall Tcheck Ttotal Status Flags
r-devel-linux-x86_64-debian-clang 2.4.7 29.92 603.62 633.54 NOTE
r-devel-linux-x86_64-debian-gcc 2.4.7 23.84 441.42 465.26 NOTE
r-devel-linux-x86_64-fedora-clang 2.4.7 954.78 NOTE
r-devel-linux-x86_64-fedora-gcc 2.4.7 967.42 NOTE
r-devel-windows-x86_64 2.4.7 25.00 568.00 593.00 NOTE
r-patched-linux-x86_64 2.4.7 35.93 589.53 625.46 NOTE
r-release-linux-x86_64 2.4.7 32.19 587.24 619.43 NOTE
r-release-macos-arm64 2.4.7 258.00 NOTE
r-release-macos-x86_64 2.4.7 603.00 NOTE
r-release-windows-x86_64 2.4.7 26.00 566.00 592.00 NOTE
r-oldrel-macos-arm64 2.4.7 170.00 OK
r-oldrel-macos-x86_64 2.4.7 290.00 OK
r-oldrel-windows-x86_64 2.4.7 35.00 716.00 751.00 OK

Check Details

Version: 2.4.7
Check: DESCRIPTION meta-information
Result: NOTE Missing dependency on R >= 4.1.0 because package code uses the pipe |> or function shorthand \(...) syntax added in R 4.1.0. File(s) using such syntax: ‘ceac_plot_graph.R’ ‘ceef_plot_graph.R’ ‘ceplane_plot_graph.R’ ‘contour_graph.R’ ‘eib_plot_graph.R’ ‘evppi.default.R’ ‘evppi_plot_ggplot.R’ ‘info_rank_graph.R’ ‘plot.bcea.R’ ‘prep_ceplane_params.R’ Flavors: r-devel-linux-x86_64-debian-clang, r-devel-linux-x86_64-debian-gcc, r-devel-linux-x86_64-fedora-clang, r-devel-linux-x86_64-fedora-gcc, r-devel-windows-x86_64, r-patched-linux-x86_64, r-release-linux-x86_64, r-release-macos-arm64, r-release-macos-x86_64, r-release-windows-x86_64