Last updated on 2025-10-30 02:48:57 CET.
| Flavor | Version | Tinstall | Tcheck | Ttotal | Status | Flags | 
|---|---|---|---|---|---|---|
| r-devel-linux-x86_64-debian-clang | 3.0.3 | 25.74 | 67.05 | 92.79 | NOTE | |
| r-devel-linux-x86_64-debian-gcc | 3.0.3 | 17.20 | 44.88 | 62.08 | NOTE | |
| r-devel-linux-x86_64-fedora-clang | 3.0.3 | 51.00 | 90.28 | 141.28 | NOTE | |
| r-devel-linux-x86_64-fedora-gcc | 3.0.3 | 57.00 | 95.41 | 152.41 | NOTE | |
| r-devel-windows-x86_64 | 3.0.3 | 28.00 | 82.00 | 110.00 | OK | |
| r-patched-linux-x86_64 | 3.0.3 | 24.99 | 62.71 | 87.70 | OK | |
| r-release-linux-x86_64 | 3.0.3 | 25.69 | 62.01 | 87.70 | OK | |
| r-release-macos-arm64 | 3.0.3 | 17.00 | 37.00 | 54.00 | OK | |
| r-release-macos-x86_64 | 3.0.3 | 31.00 | 67.00 | 98.00 | OK | |
| r-release-windows-x86_64 | 3.0.3 | 28.00 | 86.00 | 114.00 | OK | |
| r-oldrel-macos-arm64 | 3.0.3 | 19.00 | 38.00 | 57.00 | OK | |
| r-oldrel-macos-x86_64 | 3.0.3 | 39.00 | 66.00 | 105.00 | OK | |
| r-oldrel-windows-x86_64 | 3.0.3 | 38.00 | 99.00 | 137.00 | OK | 
Version: 3.0.3
Check: CRAN incoming feasibility
Result: NOTE
  Maintainer: ‘Steve Mack <Steven.Mack@ucsf.edu>’
  
  No Authors@R field in DESCRIPTION.
  Please add one, modifying
    Authors@R: c(person(given = "Derek",
                        family = "Pappas",
                        role = "aut",
                        email = "djpappas75@gmail.com"),
                 person(given = "Steve",
                        family = "Mack",
                        role = c("aut", "cre"),
                        email = "Steven.Mack@ucsf.edu"),
                 person(given = "Jill",
                        family = "Hollenbach",
                        role = "aut",
                        email = "Jill.Hollenbach@ucsf.edu"))
  as necessary.
Flavors: r-devel-linux-x86_64-debian-clang, r-devel-linux-x86_64-debian-gcc
Version: 3.0.3
Check: dependencies in R code
Result: NOTE
  Namespace in Imports field not imported from: ‘httr’
    All declared Imports should be used.
Flavors: r-devel-linux-x86_64-fedora-clang, r-devel-linux-x86_64-fedora-gcc