Last updated on 2025-05-04 03:50:48 CEST.
Flavor | Version | Tinstall | Tcheck | Ttotal | Status | Flags |
---|---|---|---|---|---|---|
r-devel-linux-x86_64-debian-clang | 0.3.5 | 9.46 | 100.72 | 110.18 | NOTE | |
r-devel-linux-x86_64-debian-gcc | 0.3.5 | 6.68 | 66.33 | 73.01 | NOTE | |
r-devel-linux-x86_64-fedora-clang | 0.3.5 | 179.86 | OK | |||
r-devel-linux-x86_64-fedora-gcc | 0.3.5 | 200.92 | OK | |||
r-devel-windows-x86_64 | 0.3.5 | 10.00 | 131.00 | 141.00 | OK | |
r-patched-linux-x86_64 | 0.3.5 | 10.85 | 96.58 | 107.43 | OK | |
r-release-linux-x86_64 | OK | |||||
r-release-macos-arm64 | 0.3.5 | 52.00 | OK | |||
r-release-macos-x86_64 | 0.3.5 | 114.00 | OK | |||
r-release-windows-x86_64 | 0.3.5 | 10.00 | 132.00 | 142.00 | OK | |
r-oldrel-macos-arm64 | 0.3.5 | 55.00 | OK | |||
r-oldrel-macos-x86_64 | 0.3.5 | 88.00 | OK | |||
r-oldrel-windows-x86_64 | 0.3.5 | 10.00 | 129.00 | 139.00 | OK |
Version: 0.3.5
Check: CRAN incoming feasibility
Result: NOTE
Maintainer: ‘Stefan Zeugner <stefan.zeugner@ec.europa.eu>’
No Authors@R field in DESCRIPTION.
Please add one, modifying
Authors@R: c(person(given = "Martin",
family = "Feldkircher",
role = "aut"),
person(given = "Stefan",
family = "Zeugner",
role = c("aut", "cre"),
email = "stefan.zeugner@ec.europa.eu"),
person(given = "Paul",
family = "Hofmarcher",
role = "aut"))
as necessary.
Package CITATION file contains call(s) to old-style personList() or
as.personList(). Please use c() on person objects instead.
Package CITATION file contains call(s) to old-style citEntry(). Please
use bibentry() instead.
Flavors: r-devel-linux-x86_64-debian-clang, r-devel-linux-x86_64-debian-gcc