Last updated on 2025-05-07 03:50:55 CEST.
Flavor | Version | Tinstall | Tcheck | Ttotal | Status | Flags |
---|---|---|---|---|---|---|
r-devel-linux-x86_64-debian-clang | 0.1.1 | 5.68 | 59.96 | 65.64 | NOTE | |
r-devel-linux-x86_64-debian-gcc | 0.1.1 | 4.15 | 45.40 | 49.55 | NOTE | |
r-devel-linux-x86_64-fedora-clang | 0.1.1 | 104.63 | OK | |||
r-devel-linux-x86_64-fedora-gcc | 0.1.1 | 119.10 | OK | |||
r-devel-windows-x86_64 | 0.1.1 | 7.00 | 71.00 | 78.00 | OK | |
r-patched-linux-x86_64 | 0.1.1 | 6.45 | 57.88 | 64.33 | OK | |
r-release-linux-x86_64 | 0.1.1 | 6.03 | 58.13 | 64.16 | OK | |
r-release-macos-arm64 | 0.1.1 | 50.00 | OK | |||
r-release-macos-x86_64 | 0.1.1 | 106.00 | OK | |||
r-release-windows-x86_64 | 0.1.1 | 7.00 | 73.00 | 80.00 | OK | |
r-oldrel-macos-arm64 | 0.1.1 | 39.00 | NOTE | |||
r-oldrel-macos-x86_64 | 0.1.1 | 66.00 | NOTE | |||
r-oldrel-windows-x86_64 | 0.1.1 | 9.00 | 87.00 | 96.00 | NOTE |
Version: 0.1.1
Check: CRAN incoming feasibility
Result: NOTE
Maintainer: ‘Adam Bekhit <imbei@med-imbei.uni-saarland.de>’
No Authors@R field in DESCRIPTION.
Please add one, modifying
Authors@R: c(person(given = "Adam",
family = "Bekhit",
role = c("aut", "cre"),
email = "imbei@med-imbei.uni-saarland.de"),
person(given = "Jakob",
family = "Schöpe",
role = "aut"),
person(given = "Stefan",
family = "Wagenpfeil",
role = "aut"))
as necessary.
Flavors: r-devel-linux-x86_64-debian-clang, r-devel-linux-x86_64-debian-gcc
Version: 0.1.1
Check: LazyData
Result: NOTE
'LazyData' is specified without a 'data' directory
Flavors: r-oldrel-macos-arm64, r-oldrel-macos-x86_64, r-oldrel-windows-x86_64