Last updated on 2025-05-06 03:50:57 CEST.
Flavor | Version | Tinstall | Tcheck | Ttotal | Status | Flags |
---|---|---|---|---|---|---|
r-devel-linux-x86_64-debian-clang | 0.2.0 | 6.43 | 28.26 | 34.69 | NOTE | |
r-devel-linux-x86_64-debian-gcc | 0.2.0 | 3.74 | 21.08 | 24.82 | NOTE | |
r-devel-linux-x86_64-fedora-clang | 0.2.0 | 60.25 | NOTE | |||
r-devel-linux-x86_64-fedora-gcc | 0.2.0 | 56.12 | NOTE | |||
r-devel-windows-x86_64 | 0.2.0 | 8.00 | 49.00 | 57.00 | OK | |
r-patched-linux-x86_64 | 0.2.0 | 6.55 | 27.38 | 33.93 | OK | |
r-release-linux-x86_64 | 0.2.0 | 6.52 | 27.13 | 33.65 | OK | |
r-release-macos-arm64 | 0.2.0 | 21.00 | OK | |||
r-release-macos-x86_64 | 0.2.0 | 38.00 | OK | |||
r-release-windows-x86_64 | 0.2.0 | 9.00 | 50.00 | 59.00 | OK | |
r-oldrel-macos-arm64 | 0.2.0 | 21.00 | NOTE | |||
r-oldrel-macos-x86_64 | 0.2.0 | 35.00 | NOTE | |||
r-oldrel-windows-x86_64 | 0.2.0 | 10.00 | 61.00 | 71.00 | NOTE |
Version: 0.2.0
Check: CRAN incoming feasibility
Result: NOTE
Maintainer: ‘Pawel Dlotko <pdlotko@gmail.com>’
The Description field contains
topological data analysis" by Pawel Dlotko, (2019) <arXiv:1901.07410>.
Please refer to arXiv e-prints via their arXiv DOI <doi:10.48550/arXiv.YYMM.NNNNN>.
Flavors: r-devel-linux-x86_64-debian-clang, r-devel-linux-x86_64-debian-gcc
Version: 0.2.0
Check: dependencies in R code
Result: NOTE
Namespace in Imports field not imported from: ‘testthat’
All declared Imports should be used.
Flavors: r-devel-linux-x86_64-fedora-clang, r-devel-linux-x86_64-fedora-gcc
Version: 0.2.0
Check: LazyData
Result: NOTE
'LazyData' is specified without a 'data' directory
Flavors: r-oldrel-macos-arm64, r-oldrel-macos-x86_64, r-oldrel-windows-x86_64