CRAN Package Check Results for Package BayesARIMAX

Last updated on 2025-07-04 03:50:20 CEST.

Flavor Version Tinstall Tcheck Ttotal Status Flags
r-devel-linux-x86_64-debian-clang 0.1.1 7.26 60.09 67.35 OK
r-devel-linux-x86_64-debian-gcc 0.1.1 4.58 42.37 46.95 OK
r-devel-linux-x86_64-fedora-clang 0.1.1 105.92 OK
r-devel-linux-x86_64-fedora-gcc 0.1.1 95.77 OK
r-devel-windows-x86_64 0.1.1 10.00 70.00 80.00 OK
r-patched-linux-x86_64 0.1.1 5.93 54.64 60.57 OK
r-release-linux-x86_64 0.1.1 6.67 54.26 60.93 OK
r-release-macos-arm64 0.1.1 42.00 OK
r-release-macos-x86_64 0.1.1 81.00 OK
r-release-windows-x86_64 0.1.1 9.00 68.00 77.00 OK
r-oldrel-macos-arm64 0.1.1 29.00 NOTE
r-oldrel-macos-x86_64 0.1.1 43.00 NOTE
r-oldrel-windows-x86_64 0.1.1 10.00 85.00 95.00 NOTE

Check Details

Version: 0.1.1
Check: LazyData
Result: NOTE 'LazyData' is specified without a 'data' directory Flavors: r-oldrel-macos-arm64, r-oldrel-macos-x86_64, r-oldrel-windows-x86_64