Last updated on 2025-10-31 02:50:26 CET.
| Flavor | Version | Tinstall | Tcheck | Ttotal | Status | Flags | 
|---|---|---|---|---|---|---|
| r-devel-linux-x86_64-debian-clang | 1.41 | 9.06 | 63.56 | 72.62 | NOTE | |
| r-devel-linux-x86_64-debian-gcc | 1.41 | 5.22 | 46.24 | 51.46 | NOTE | |
| r-devel-linux-x86_64-fedora-clang | 1.41 | 29.00 | 84.50 | 113.50 | OK | |
| r-devel-linux-x86_64-fedora-gcc | 1.41 | 33.00 | 82.84 | 115.84 | OK | |
| r-devel-windows-x86_64 | 1.41 | 9.00 | 72.00 | 81.00 | OK | |
| r-patched-linux-x86_64 | 1.41 | 9.51 | 60.94 | 70.45 | OK | |
| r-release-linux-x86_64 | 1.41 | 9.04 | 60.08 | 69.12 | OK | |
| r-release-macos-arm64 | 1.41 | 4.00 | 33.00 | 37.00 | OK | |
| r-release-macos-x86_64 | 1.41 | 7.00 | 61.00 | 68.00 | OK | |
| r-release-windows-x86_64 | 1.41 | 10.00 | 75.00 | 85.00 | OK | |
| r-oldrel-macos-arm64 | 1.41 | 4.00 | 29.00 | 33.00 | OK | |
| r-oldrel-macos-x86_64 | 1.41 | 6.00 | 47.00 | 53.00 | OK | |
| r-oldrel-windows-x86_64 | 1.41 | 12.00 | 92.00 | 104.00 | OK | 
Version: 1.41
Check: CRAN incoming feasibility
Result: NOTE
  Maintainer: ‘Minsuk Shin <minsuk000@gmail.com>’
  
  No Authors@R field in DESCRIPTION.
  Please add one, modifying
    Authors@R: c(person(given = "Minsuk",
                        family = "Shin",
                        role = c("aut", "cre"),
                        email = "minsuk000@gmail.com"),
                 person(given = "Ruoxuan",
                        family = "Tian",
                        role = "aut"))
  as necessary.
Flavors: r-devel-linux-x86_64-debian-clang, r-devel-linux-x86_64-debian-gcc