Last updated on 2025-10-31 02:50:26 CET.
| Flavor | Version | Tinstall | Tcheck | Ttotal | Status | Flags | 
|---|---|---|---|---|---|---|
| r-devel-linux-x86_64-debian-clang | 0.2.0 | 8.50 | 113.07 | 121.57 | NOTE | |
| r-devel-linux-x86_64-debian-gcc | 0.2.0 | 5.65 | 80.46 | 86.11 | NOTE | |
| r-devel-linux-x86_64-fedora-clang | 0.2.0 | 35.00 | 165.04 | 200.04 | OK | |
| r-devel-linux-x86_64-fedora-gcc | 0.2.0 | 52.00 | 157.54 | 209.54 | OK | |
| r-devel-windows-x86_64 | 0.2.0 | 11.00 | 106.00 | 117.00 | OK | |
| r-patched-linux-x86_64 | 0.2.0 | 8.87 | 107.57 | 116.44 | OK | |
| r-release-linux-x86_64 | 0.2.0 | 10.02 | 105.37 | 115.39 | OK | |
| r-release-macos-arm64 | 0.2.0 | 5.00 | 62.00 | 67.00 | OK | |
| r-release-macos-x86_64 | 0.2.0 | 12.00 | 105.00 | 117.00 | OK | |
| r-release-windows-x86_64 | 0.2.0 | 11.00 | 108.00 | 119.00 | OK | |
| r-oldrel-macos-arm64 | 0.2.0 | 4.00 | 49.00 | 53.00 | OK | |
| r-oldrel-macos-x86_64 | 0.2.0 | 6.00 | 75.00 | 81.00 | OK | |
| r-oldrel-windows-x86_64 | 0.2.0 | 14.00 | 142.00 | 156.00 | OK | 
Version: 0.2.0
Check: CRAN incoming feasibility
Result: NOTE
  Maintainer: ‘Stephanie van der Pas <s.l.vanderpas@amsterdamumc.nl>’
  
  No Authors@R field in DESCRIPTION.
  Please add one, modifying
    Authors@R: c(person(given = "Stephanie",
                        family = "van der Pas",
                        role = c("aut", "cre"),
                        email = "s.l.vanderpas@amsterdamumc.nl"),
                 person(given = "Ismael",
                        family = "Castillo",
                        role = "aut"))
  as necessary.
  
  The Description field contains
    <arXiv:2005.02889>. In that paper it is also shown that the credible
  Please refer to arXiv e-prints via their arXiv DOI <doi:10.48550/arXiv.YYMM.NNNNN>.
Flavors: r-devel-linux-x86_64-debian-clang, r-devel-linux-x86_64-debian-gcc