CRAN Package Check Results for Package Bestie

Last updated on 2025-05-04 03:50:48 CEST.

Flavor Version Tinstall Tcheck Ttotal Status Flags
r-devel-linux-x86_64-debian-clang 0.1.5 9.27 29.48 38.75 NOTE
r-devel-linux-x86_64-debian-gcc 0.1.5 7.16 22.61 29.77 NOTE
r-devel-linux-x86_64-fedora-clang 0.1.5 73.52 NOTE
r-devel-linux-x86_64-fedora-gcc 0.1.5 70.88 NOTE
r-devel-windows-x86_64 0.1.5 15.00 63.00 78.00 OK
r-patched-linux-x86_64 0.1.5 10.87 28.51 39.38 OK
r-release-linux-x86_64 OK
r-release-macos-arm64 0.1.5 28.00 OK
r-release-macos-x86_64 0.1.5 45.00 OK
r-release-windows-x86_64 0.1.5 15.00 63.00 78.00 OK
r-oldrel-macos-arm64 0.1.5 27.00 OK
r-oldrel-macos-x86_64 0.1.5 35.00 OK
r-oldrel-windows-x86_64 0.1.5 17.00 73.00 90.00 OK

Check Details

Version: 0.1.5
Check: CRAN incoming feasibility
Result: NOTE Maintainer: ‘Jack Kuipers <jack.kuipers@bsse.ethz.ch>’ No Authors@R field in DESCRIPTION. Please add one, modifying Authors@R: c(person(given = "Jack", family = "Kuipers", role = c("aut", "cre"), email = "jack.kuipers@bsse.ethz.ch"), person(given = "Giusi", family = "Moffa", role = "aut")) as necessary. Flavors: r-devel-linux-x86_64-debian-clang, r-devel-linux-x86_64-debian-gcc

Version: 0.1.5
Check: dependencies in R code
Result: NOTE Namespace in Imports field not imported from: ‘BiDAG’ All declared Imports should be used. Flavors: r-devel-linux-x86_64-fedora-clang, r-devel-linux-x86_64-fedora-gcc