Last updated on 2025-05-06 03:50:57 CEST.
Flavor | Version | Tinstall | Tcheck | Ttotal | Status | Flags |
---|---|---|---|---|---|---|
r-devel-linux-x86_64-debian-clang | 2.3 | 20.84 | 313.50 | 334.34 | NOTE | |
r-devel-linux-x86_64-debian-gcc | 2.3 | 14.37 | 167.43 | 181.80 | NOTE | |
r-devel-linux-x86_64-fedora-clang | 2.3 | 521.46 | OK | |||
r-devel-linux-x86_64-fedora-gcc | 2.3 | 441.48 | OK | |||
r-devel-windows-x86_64 | 2.3 | 18.00 | 230.00 | 248.00 | OK | |
r-patched-linux-x86_64 | 2.3 | 19.51 | 226.01 | 245.52 | OK | |
r-release-linux-x86_64 | 2.3 | 16.89 | 228.00 | 244.89 | OK | |
r-release-macos-arm64 | 2.3 | 25.00 | ERROR | |||
r-release-macos-x86_64 | 2.3 | 270.00 | OK | |||
r-release-windows-x86_64 | 2.3 | 19.00 | 234.00 | 253.00 | OK | |
r-oldrel-macos-arm64 | 2.3 | 117.00 | OK | |||
r-oldrel-macos-x86_64 | 2.3 | 287.00 | OK | |||
r-oldrel-windows-x86_64 | 2.3 | 20.00 | 282.00 | 302.00 | OK |
Version: 2.3
Check: CRAN incoming feasibility
Result: NOTE
Maintainer: ‘Mark Wappett <m.wappett@qub.ac.uk>’
No Authors@R field in DESCRIPTION.
Please add one, modifying
Authors@R: person(given = "Mark",
family = "Wappett",
role = c("aut", "cre"),
email = "m.wappett@qub.ac.uk")
as necessary.
Flavors: r-devel-linux-x86_64-debian-clang, r-devel-linux-x86_64-debian-gcc
Version: 2.3
Check: package dependencies
Result: ERROR
Package required but not available: ‘org.Hs.eg.db’
See section ‘The DESCRIPTION file’ in the ‘Writing R Extensions’
manual.
Flavor: r-release-macos-arm64