Last updated on 2025-05-07 03:50:55 CEST.
Flavor | Version | Tinstall | Tcheck | Ttotal | Status | Flags |
---|---|---|---|---|---|---|
r-devel-linux-x86_64-debian-clang | 1.5.2 | 6.61 | 56.73 | 63.34 | NOTE | |
r-devel-linux-x86_64-debian-gcc | 1.5.2 | 4.75 | 41.77 | 46.52 | NOTE | |
r-devel-linux-x86_64-fedora-clang | 1.5.2 | 97.35 | OK | |||
r-devel-linux-x86_64-fedora-gcc | 1.5.2 | 100.08 | OK | |||
r-devel-windows-x86_64 | 1.5.2 | 7.00 | 70.00 | 77.00 | OK | |
r-patched-linux-x86_64 | 1.5.2 | 6.66 | 54.65 | 61.31 | OK | |
r-release-linux-x86_64 | 1.5.2 | 5.19 | 54.29 | 59.48 | OK | |
r-release-macos-arm64 | 1.5.2 | 34.00 | OK | |||
r-release-macos-x86_64 | 1.5.2 | 55.00 | OK | |||
r-release-windows-x86_64 | 1.5.2 | 9.00 | 73.00 | 82.00 | OK | |
r-oldrel-macos-arm64 | 1.5.2 | 34.00 | OK | |||
r-oldrel-macos-x86_64 | 1.5.2 | 47.00 | OK | |||
r-oldrel-windows-x86_64 | 1.5.2 | 9.00 | 86.00 | 95.00 | OK |
Version: 1.5.2
Check: CRAN incoming feasibility
Result: NOTE
Maintainer: ‘Ran Gao <rgao8@uic.edu>’
No Authors@R field in DESCRIPTION.
Please add one, modifying
Authors@R: c(person(given = "Hakan",
family = "Demirtas",
role = "aut"),
person(given = "Yue",
family = "Wang",
role = "aut"),
person(given = "Rawan",
family = "Allozi",
role = "aut"),
person(given = "Ran",
family = "Gao",
role = c("aut", "cre"),
email = "rgao8@uic.edu"))
as necessary.
Flavors: r-devel-linux-x86_64-debian-clang, r-devel-linux-x86_64-debian-gcc