Last updated on 2025-05-07 03:50:55 CEST.
Flavor | Version | Tinstall | Tcheck | Ttotal | Status | Flags |
---|---|---|---|---|---|---|
r-devel-linux-x86_64-debian-clang | 1.0 | 3.89 | 34.08 | 37.97 | NOTE | |
r-devel-linux-x86_64-debian-gcc | 1.0 | 2.79 | 24.83 | 27.62 | NOTE | |
r-devel-linux-x86_64-fedora-clang | 1.0 | 60.62 | OK | |||
r-devel-linux-x86_64-fedora-gcc | 1.0 | 62.43 | OK | |||
r-devel-windows-x86_64 | 1.0 | 5.00 | 56.00 | 61.00 | OK | |
r-patched-linux-x86_64 | 1.0 | 4.22 | 32.39 | 36.61 | OK | |
r-release-linux-x86_64 | 1.0 | 3.33 | 32.66 | 35.99 | OK | |
r-release-macos-arm64 | 1.0 | 20.00 | OK | |||
r-release-macos-x86_64 | 1.0 | 52.00 | OK | |||
r-release-windows-x86_64 | 1.0 | 5.00 | 49.00 | 54.00 | OK | |
r-oldrel-macos-arm64 | 1.0 | 24.00 | OK | |||
r-oldrel-macos-x86_64 | 1.0 | 46.00 | OK | |||
r-oldrel-windows-x86_64 | 1.0 | 5.00 | 49.00 | 54.00 | OK |
Version: 1.0
Check: CRAN incoming feasibility
Result: NOTE
Maintainer: ‘Jae H. Kim <jaekim8080@gmail.com>’
No Authors@R field in DESCRIPTION.
Please add one, modifying
Authors@R: c(person(given = c("Jae.", "H."),
family = "Kim",
role = "aut",
email = "jaekim8080@gmail.com"),
person(given = c("Jae", "H."),
family = "Kim",
role = "cre",
email = "jaekim8080@gmail.com"))
as necessary.
Flavors: r-devel-linux-x86_64-debian-clang, r-devel-linux-x86_64-debian-gcc