Last updated on 2025-10-31 02:50:27 CET.
| Flavor | Version | Tinstall | Tcheck | Ttotal | Status | Flags | 
|---|---|---|---|---|---|---|
| r-devel-linux-x86_64-debian-clang | 4.0 | 96.91 | 274.00 | 370.91 | NOTE | |
| r-devel-linux-x86_64-debian-gcc | 4.0 | 59.41 | 176.28 | 235.69 | NOTE | |
| r-devel-linux-x86_64-fedora-clang | 4.0 | 230.00 | 373.38 | 603.38 | OK | |
| r-devel-linux-x86_64-fedora-gcc | 4.0 | 188.00 | 391.73 | 579.73 | OK | |
| r-devel-windows-x86_64 | 4.0 | 81.00 | 261.00 | 342.00 | OK | |
| r-patched-linux-x86_64 | 4.0 | 88.06 | 252.66 | 340.72 | OK | |
| r-release-linux-x86_64 | 4.0 | 86.18 | 253.12 | 339.30 | OK | |
| r-release-macos-arm64 | 4.0 | 38.00 | 104.00 | 142.00 | OK | |
| r-release-macos-x86_64 | 4.0 | 66.00 | 258.00 | 324.00 | OK | |
| r-release-windows-x86_64 | 4.0 | 77.00 | 257.00 | 334.00 | OK | |
| r-oldrel-macos-arm64 | 4.0 | 37.00 | 96.00 | 133.00 | NOTE | |
| r-oldrel-macos-x86_64 | 4.0 | 55.00 | 171.00 | 226.00 | NOTE | |
| r-oldrel-windows-x86_64 | 4.0 | 104.00 | 338.00 | 442.00 | OK | 
Version: 4.0
Check: CRAN incoming feasibility
Result: NOTE
  Maintainer: ‘Duncan Lee <Duncan.Lee@glasgow.ac.uk>’
  
  No Authors@R field in DESCRIPTION.
  Please add one, modifying
    Authors@R: c(person(given = "Duncan",
                        family = "Lee",
                        role = c("aut", "cre"),
                        email = "duncan.lee@glasgow.ac.uk"),
                 person(given = "Alastair",
                        family = "Rushworth",
                        role = "aut"),
                 person(given = "Gary",
                        family = "Napier",
                        role = "aut"),
                 person(given = "William",
                        family = "Pettersson",
                        role = "aut"))
  as necessary.
Flavors: r-devel-linux-x86_64-debian-clang, r-devel-linux-x86_64-debian-gcc
Version: 4.0
Check: installed package size
Result: NOTE
    installed size is  8.1Mb
    sub-directories of 1Mb or more:
      R      1.0Mb
      libs   5.9Mb
Flavors: r-oldrel-macos-arm64, r-oldrel-macos-x86_64