Last updated on 2025-05-06 03:50:58 CEST.
Flavor | Version | Tinstall | Tcheck | Ttotal | Status | Flags |
---|---|---|---|---|---|---|
r-devel-linux-x86_64-debian-clang | 0.1.1 | 3.39 | 29.81 | 33.20 | NOTE | |
r-devel-linux-x86_64-debian-gcc | 0.1.1 | 2.55 | 22.80 | 25.35 | NOTE | |
r-devel-linux-x86_64-fedora-clang | 0.1.1 | 50.90 | OK | |||
r-devel-linux-x86_64-fedora-gcc | 0.1.1 | 48.90 | OK | |||
r-devel-windows-x86_64 | 0.1.1 | 4.00 | 50.00 | 54.00 | OK | |
r-patched-linux-x86_64 | 0.1.1 | 3.61 | 28.29 | 31.90 | OK | |
r-release-linux-x86_64 | 0.1.1 | 3.06 | 28.33 | 31.39 | OK | |
r-release-macos-arm64 | 0.1.1 | 23.00 | OK | |||
r-release-macos-x86_64 | 0.1.1 | 43.00 | OK | |||
r-release-windows-x86_64 | 0.1.1 | 4.00 | 50.00 | 54.00 | OK | |
r-oldrel-macos-arm64 | 0.1.1 | 25.00 | OK | |||
r-oldrel-macos-x86_64 | 0.1.1 | 33.00 | OK | |||
r-oldrel-windows-x86_64 | 0.1.1 | 5.00 | 55.00 | 60.00 | OK |
Version: 0.1.1
Check: CRAN incoming feasibility
Result: NOTE
Maintainer: ‘Emanuele Bevacqua <emanuele.bevacqua@uni-graz.at>’
Package CITATION file contains call(s) to old-style personList() or
as.personList(). Please use c() on person objects instead.
Package CITATION file contains call(s) to old-style citEntry(). Please
use bibentry() instead.
Flavors: r-devel-linux-x86_64-debian-clang, r-devel-linux-x86_64-debian-gcc