Last updated on 2025-05-04 03:50:49 CEST.
Flavor | Version | Tinstall | Tcheck | Ttotal | Status | Flags |
---|---|---|---|---|---|---|
r-devel-linux-x86_64-debian-clang | 1.3 | 8.00 | 67.96 | 75.96 | NOTE | |
r-devel-linux-x86_64-debian-gcc | 1.3 | 5.98 | 49.72 | 55.70 | NOTE | |
r-devel-linux-x86_64-fedora-clang | 1.3 | 116.69 | OK | |||
r-devel-linux-x86_64-fedora-gcc | 1.3 | 112.91 | OK | |||
r-devel-windows-x86_64 | 1.3 | 9.00 | 81.00 | 90.00 | OK | |
r-patched-linux-x86_64 | 1.3 | 7.62 | 64.17 | 71.79 | OK | |
r-release-linux-x86_64 | OK | |||||
r-release-macos-arm64 | 1.3 | 39.00 | OK | |||
r-release-macos-x86_64 | 1.3 | 61.00 | OK | |||
r-release-windows-x86_64 | 1.3 | 10.00 | 78.00 | 88.00 | OK | |
r-oldrel-macos-arm64 | 1.3 | 38.00 | OK | |||
r-oldrel-macos-x86_64 | 1.3 | 55.00 | OK | |||
r-oldrel-windows-x86_64 | 1.3 | 13.00 | 94.00 | 107.00 | OK |
Version: 1.3
Check: CRAN incoming feasibility
Result: NOTE
Maintainer: ‘Benoit Liquet <b.liquet@uq.edu.au>’
No Authors@R field in DESCRIPTION.
Please add one, modifying
Authors@R: c(person(given = "Tim",
family = "Benham",
role = "aut"),
person(given = "Qibin",
family = "Duan",
role = "aut"),
person(given = c("Dirk", "P."),
family = "Kroese",
role = "aut"),
person(given = "Benoit",
family = "Liquet",
role = c("aut", "cre"),
email = "b.liquet@uq.edu.au"))
as necessary.
Flavors: r-devel-linux-x86_64-debian-clang, r-devel-linux-x86_64-debian-gcc