Last updated on 2025-05-07 03:50:56 CEST.
Flavor | Version | Tinstall | Tcheck | Ttotal | Status | Flags |
---|---|---|---|---|---|---|
r-devel-linux-x86_64-debian-clang | 2.0.0 | 4.91 | 48.91 | 53.82 | NOTE | |
r-devel-linux-x86_64-debian-gcc | 2.0.0 | 3.69 | 36.54 | 40.23 | NOTE | |
r-devel-linux-x86_64-fedora-clang | 2.0.0 | 77.43 | OK | |||
r-devel-linux-x86_64-fedora-gcc | 2.0.0 | 97.34 | OK | |||
r-devel-windows-x86_64 | 2.0.0 | 7.00 | 65.00 | 72.00 | OK | |
r-patched-linux-x86_64 | 2.0.0 | 5.74 | 46.68 | 52.42 | OK | |
r-release-linux-x86_64 | 2.0.0 | 4.12 | 46.43 | 50.55 | OK | |
r-release-macos-arm64 | 2.0.0 | 58.00 | OK | |||
r-release-macos-x86_64 | 2.0.0 | 57.00 | OK | |||
r-release-windows-x86_64 | 2.0.0 | 8.00 | 66.00 | 74.00 | OK | |
r-oldrel-macos-arm64 | 2.0.0 | 33.00 | OK | |||
r-oldrel-macos-x86_64 | 2.0.0 | 48.00 | OK | |||
r-oldrel-windows-x86_64 | 2.0.0 | 9.00 | 75.00 | 84.00 | OK |
Version: 2.0.0
Check: CRAN incoming feasibility
Result: NOTE
Maintainer: ‘Dadong Zhang <dzhang4@illumina.com>’
No Authors@R field in DESCRIPTION.
Please add one, modifying
Authors@R: c(person(given = "Dadong",
family = "Zhang",
role = c("aut", "cre"),
email = "dzhang4@illumina.com"),
person(given = "Jingye",
family = "Wang",
role = "aut",
email = "jwang16@illumina.com"),
person(given = "Suqin",
family = "Cai",
role = "aut",
email = "scai1@illumina.com"),
person(given = "Johan",
family = "Surtihadi",
role = "aut",
email = "jsurtihadi@illumina.com"))
as necessary.
Flavors: r-devel-linux-x86_64-debian-clang, r-devel-linux-x86_64-debian-gcc