CRAN Package Check Results for Package CMLS

Last updated on 2025-05-04 03:50:50 CEST.

Flavor Version Tinstall Tcheck Ttotal Status Flags
r-devel-linux-x86_64-debian-clang 1.0-1 4.76 29.99 34.75 NOTE
r-devel-linux-x86_64-debian-gcc 1.0-1 3.52 22.00 25.52 NOTE
r-devel-linux-x86_64-fedora-clang 1.0-1 55.03 OK
r-devel-linux-x86_64-fedora-gcc 1.0-1 52.39 OK
r-devel-windows-x86_64 1.0-1 5.00 48.00 53.00 NOTE
r-patched-linux-x86_64 1.0-1 4.60 28.88 33.48 NOTE
r-release-linux-x86_64 NOTE
r-release-macos-arm64 1.0-1 19.00 OK
r-release-macos-x86_64 1.0-1 58.00 OK
r-release-windows-x86_64 1.0-1 6.00 49.00 55.00 NOTE
r-oldrel-macos-arm64 1.0-1 23.00 OK
r-oldrel-macos-x86_64 1.0-1 47.00 OK
r-oldrel-windows-x86_64 1.0-1 5.00 49.00 54.00 OK

Check Details

Version: 1.0-1
Check: CRAN incoming feasibility
Result: NOTE Maintainer: ‘Nathaniel E. Helwig <helwig@umn.edu>’ No Authors@R field in DESCRIPTION. Please add one, modifying Authors@R: person(given = c("Nathaniel", "E."), family = "Helwig", role = c("aut", "cre"), email = "helwig@umn.edu") as necessary. Flavors: r-devel-linux-x86_64-debian-clang, r-devel-linux-x86_64-debian-gcc

Version: 1.0-1
Check: Rd cross-references
Result: NOTE Found the following Rd file(s) with Rd \link{} targets missing package anchors: mlsei.Rd: solve.QP mlsun.Rd: solve.QP Please provide package anchors for all Rd \link{} targets not in the package itself and the base packages. Flavors: r-devel-linux-x86_64-debian-clang, r-devel-linux-x86_64-debian-gcc, r-devel-windows-x86_64, r-patched-linux-x86_64, r-release-linux-x86_64, r-release-windows-x86_64