CRAN Package Check Results for Package CMapViz

Last updated on 2025-05-04 03:50:50 CEST.

Flavor Version Tinstall Tcheck Ttotal Status Flags
r-devel-linux-x86_64-debian-clang 0.1.0 5.49 49.16 54.65 NOTE
r-devel-linux-x86_64-debian-gcc 0.1.0 3.33 34.11 37.44 NOTE
r-devel-linux-x86_64-fedora-clang 0.1.0 77.86 OK
r-devel-linux-x86_64-fedora-gcc 0.1.0 79.33 OK
r-devel-windows-x86_64 0.1.0 9.00 60.00 69.00 OK
r-patched-linux-x86_64 0.1.0 5.94 44.12 50.06 OK
r-release-linux-x86_64 OK
r-release-macos-arm64 0.1.0 32.00 OK
r-release-macos-x86_64 0.1.0 43.00 OK
r-release-windows-x86_64 0.1.0 8.00 60.00 68.00 OK
r-oldrel-macos-arm64 0.1.0 26.00 NOTE
r-oldrel-macos-x86_64 0.1.0 41.00 NOTE
r-oldrel-windows-x86_64 0.1.0 10.00 72.00 82.00 NOTE

Check Details

Version: 0.1.0
Check: CRAN incoming feasibility
Result: NOTE Maintainer: ‘Raphaël Bonnet <raphael.bonnet@univ-cotedazur.fr>’ No Authors@R field in DESCRIPTION. Please add one, modifying Authors@R: c(person(given = "Raphaël", family = "Bonnet", role = c("aut", "cre"), email = "raphael.bonnet@univ-cotedazur.fr"), person(given = "Jean-François", family = "Peyron", role = c("aut", "ths"))) as necessary. Flavors: r-devel-linux-x86_64-debian-clang, r-devel-linux-x86_64-debian-gcc

Version: 0.1.0
Check: LazyData
Result: NOTE 'LazyData' is specified without a 'data' directory Flavors: r-oldrel-macos-arm64, r-oldrel-macos-x86_64, r-oldrel-windows-x86_64