CRAN Package Check Results for Package CPC

Last updated on 2025-07-04 03:50:22 CEST.

Flavor Version Tinstall Tcheck Ttotal Status Flags
r-devel-linux-x86_64-debian-clang 2.6.0 2.26 26.68 28.94 NOTE
r-devel-linux-x86_64-debian-gcc 2.6.0 2.00 21.75 23.75 NOTE
r-devel-linux-x86_64-fedora-clang 2.6.0 46.96 OK
r-devel-linux-x86_64-fedora-gcc 2.6.0 46.29 OK
r-devel-windows-x86_64 2.6.0 3.00 46.00 49.00 NOTE
r-patched-linux-x86_64 2.6.0 2.67 25.47 28.14 NOTE
r-release-linux-x86_64 2.6.0 2.53 25.15 27.68 NOTE
r-release-macos-arm64 2.6.0 21.00 OK
r-release-macos-x86_64 2.6.0 30.00 OK
r-release-windows-x86_64 2.6.0 5.00 47.00 52.00 NOTE
r-oldrel-macos-arm64 2.6.0 19.00 OK
r-oldrel-macos-x86_64 2.6.0 25.00 OK
r-oldrel-windows-x86_64 2.6.0 5.00 54.00 59.00 OK

Check Details

Version: 2.6.0
Check: Rd cross-references
Result: NOTE Found the following Rd file(s) with Rd \link{} targets missing package anchors: CPC.Rd: diana, pam, dbscan Please provide package anchors for all Rd \link{} targets not in the package itself and the base packages. Flavors: r-devel-linux-x86_64-debian-clang, r-devel-linux-x86_64-debian-gcc, r-devel-windows-x86_64, r-patched-linux-x86_64, r-release-linux-x86_64, r-release-windows-x86_64