CRAN Package Check Results for Package CREAM

Last updated on 2025-07-04 03:50:22 CEST.

Flavor Version Tinstall Tcheck Ttotal Status Flags
r-devel-linux-x86_64-debian-clang 1.1.1 1.68 21.93 23.61 OK
r-devel-linux-x86_64-debian-gcc 1.1.1 1.51 19.06 20.57 OK
r-devel-linux-x86_64-fedora-clang 1.1.1 36.54 OK
r-devel-linux-x86_64-fedora-gcc 1.1.1 34.54 OK
r-devel-windows-x86_64 1.1.1 3.00 45.00 48.00 OK
r-patched-linux-x86_64 1.1.1 1.58 20.00 21.58 OK
r-release-linux-x86_64 1.1.1 1.83 19.78 21.61 OK
r-release-macos-arm64 1.1.1 17.00 OK
r-release-macos-x86_64 1.1.1 36.00 OK
r-release-windows-x86_64 1.1.1 3.00 48.00 51.00 OK
r-oldrel-macos-arm64 1.1.1 15.00 NOTE
r-oldrel-macos-x86_64 1.1.1 25.00 NOTE
r-oldrel-windows-x86_64 1.1.1 3.00 50.00 53.00 NOTE

Check Details

Version: 1.1.1
Check: LazyData
Result: NOTE 'LazyData' is specified without a 'data' directory Flavors: r-oldrel-macos-arm64, r-oldrel-macos-x86_64, r-oldrel-windows-x86_64