Last updated on 2025-05-06 03:50:58 CEST.
Flavor | Version | Tinstall | Tcheck | Ttotal | Status | Flags |
---|---|---|---|---|---|---|
r-devel-linux-x86_64-debian-clang | 2.0.3 | 14.63 | 42.57 | 57.20 | NOTE | |
r-devel-linux-x86_64-debian-gcc | 2.0.3 | 11.46 | 29.92 | 41.38 | NOTE | |
r-devel-linux-x86_64-fedora-clang | 2.0.3 | 94.54 | NOTE | |||
r-devel-linux-x86_64-fedora-gcc | 2.0.3 | 96.89 | NOTE | |||
r-devel-windows-x86_64 | 2.0.3 | 19.00 | 71.00 | 90.00 | NOTE | |
r-patched-linux-x86_64 | 2.0.3 | 15.89 | 39.75 | 55.64 | NOTE | |
r-release-linux-x86_64 | 2.0.3 | 15.55 | 39.03 | 54.58 | NOTE | |
r-release-macos-arm64 | 2.0.3 | 33.00 | NOTE | |||
r-release-macos-x86_64 | 2.0.3 | 74.00 | NOTE | |||
r-release-windows-x86_64 | 2.0.3 | 18.00 | 76.00 | 94.00 | NOTE | |
r-oldrel-macos-arm64 | 2.0.3 | 28.00 | NOTE | |||
r-oldrel-macos-x86_64 | 2.0.3 | 41.00 | NOTE | |||
r-oldrel-windows-x86_64 | 2.0.3 | 22.00 | 90.00 | 112.00 | NOTE |
Version: 2.0.3
Check: C++ specification
Result: NOTE
Specified C++14: please drop specification unless essential
Flavors: r-devel-linux-x86_64-debian-clang, r-devel-linux-x86_64-debian-gcc, r-devel-linux-x86_64-fedora-clang, r-devel-linux-x86_64-fedora-gcc, r-devel-windows-x86_64, r-patched-linux-x86_64, r-release-linux-x86_64, r-release-macos-arm64, r-release-macos-x86_64, r-release-windows-x86_64, r-oldrel-macos-arm64, r-oldrel-macos-x86_64, r-oldrel-windows-x86_64