Last updated on 2025-10-27 02:49:20 CET.
| Flavor | Version | Tinstall | Tcheck | Ttotal | Status | Flags |
|---|---|---|---|---|---|---|
| r-devel-linux-x86_64-debian-clang | 3.0.2 | 12.94 | 87.46 | 100.40 | NOTE | |
| r-devel-linux-x86_64-debian-gcc | 3.0.2 | 8.41 | 60.08 | 68.49 | NOTE | |
| r-devel-linux-x86_64-fedora-clang | 3.0.2 | 54.00 | 105.96 | 159.96 | NOTE | |
| r-devel-linux-x86_64-fedora-gcc | 3.0.2 | 97.00 | 57.19 | 154.19 | NOTE | |
| r-devel-windows-x86_64 | 3.0.2 | 13.00 | 85.00 | 98.00 | NOTE | |
| r-patched-linux-x86_64 | 3.0.2 | 12.52 | 76.69 | 89.21 | NOTE | |
| r-release-linux-x86_64 | 3.0.2 | 11.81 | 76.92 | 88.73 | NOTE | |
| r-release-macos-arm64 | 3.0.2 | 5.00 | 34.00 | 39.00 | OK | |
| r-release-macos-x86_64 | 3.0.2 | 8.00 | 50.00 | 58.00 | OK | |
| r-release-windows-x86_64 | 3.0.2 | 15.00 | 88.00 | 103.00 | NOTE | |
| r-oldrel-macos-arm64 | 3.0.2 | 5.00 | 35.00 | 40.00 | OK | |
| r-oldrel-macos-x86_64 | 3.0.2 | 8.00 | 59.00 | 67.00 | OK | |
| r-oldrel-windows-x86_64 | 3.0.2 | 18.00 | 106.00 | 124.00 | NOTE |
Version: 3.0.2
Check: R code for possible problems
Result: NOTE
.run_shiny_RsNLME : server: no visible global function definition for
‘addTablesToColumnMapping’
Undefined global functions or variables:
addTablesToColumnMapping
Flavors: r-devel-linux-x86_64-debian-clang, r-devel-linux-x86_64-debian-gcc, r-devel-linux-x86_64-fedora-clang, r-devel-linux-x86_64-fedora-gcc, r-devel-windows-x86_64, r-patched-linux-x86_64, r-release-linux-x86_64, r-release-windows-x86_64, r-oldrel-windows-x86_64