Last updated on 2025-05-06 03:50:58 CEST.
Flavor | Version | Tinstall | Tcheck | Ttotal | Status | Flags |
---|---|---|---|---|---|---|
r-devel-linux-x86_64-debian-clang | 3.0.1 | 20.56 | 93.91 | 114.47 | NOTE | |
r-devel-linux-x86_64-debian-gcc | 3.0.1 | 14.34 | 60.81 | 75.15 | NOTE | |
r-devel-linux-x86_64-fedora-clang | 3.0.1 | 183.59 | NOTE | |||
r-devel-linux-x86_64-fedora-gcc | 3.0.1 | 171.57 | NOTE | |||
r-devel-windows-x86_64 | 3.0.1 | 23.00 | 118.00 | 141.00 | NOTE | |
r-patched-linux-x86_64 | 3.0.1 | 25.18 | 86.04 | 111.22 | NOTE | |
r-release-linux-x86_64 | 3.0.1 | 23.63 | 85.61 | 109.24 | NOTE | |
r-release-macos-arm64 | 3.0.1 | 48.00 | NOTE | |||
r-release-macos-x86_64 | 3.0.1 | 86.00 | NOTE | |||
r-release-windows-x86_64 | 3.0.1 | 23.00 | 119.00 | 142.00 | NOTE | |
r-oldrel-macos-arm64 | 3.0.1 | 48.00 | OK | |||
r-oldrel-macos-x86_64 | 3.0.1 | 84.00 | OK | |||
r-oldrel-windows-x86_64 | 3.0.1 | 34.00 | 142.00 | 176.00 | OK |
Version: 3.0.1
Check: DESCRIPTION meta-information
Result: NOTE
Missing dependency on R >= 4.1.0 because package code uses the pipe
|> or function shorthand \(...) syntax added in R 4.1.0.
File(s) using such syntax:
‘extraDoseLines.Rd’ ‘extraDoseNames.Rd’ ‘fixedEffect.Rd’
‘randomEffect.Rd’
Flavors: r-devel-linux-x86_64-debian-clang, r-devel-linux-x86_64-debian-gcc, r-devel-linux-x86_64-fedora-clang, r-devel-linux-x86_64-fedora-gcc, r-devel-windows-x86_64, r-patched-linux-x86_64, r-release-linux-x86_64, r-release-macos-arm64, r-release-macos-x86_64, r-release-windows-x86_64