Last updated on 2025-05-08 03:51:20 CEST.
Flavor | Version | Tinstall | Tcheck | Ttotal | Status | Flags |
---|---|---|---|---|---|---|
r-devel-linux-x86_64-debian-clang | 2.3 | 4.90 | 41.72 | 46.62 | NOTE | |
r-devel-linux-x86_64-debian-gcc | 2.3 | 3.18 | 31.16 | 34.34 | NOTE | |
r-devel-linux-x86_64-fedora-clang | 2.3 | 73.26 | OK | |||
r-devel-linux-x86_64-fedora-gcc | 2.3 | 69.61 | OK | |||
r-devel-windows-x86_64 | 2.3 | 6.00 | 69.00 | 75.00 | OK | |
r-patched-linux-x86_64 | 2.3 | 5.36 | 40.17 | 45.53 | OK | |
r-release-linux-x86_64 | 2.3 | 4.19 | 40.25 | 44.44 | OK | |
r-release-macos-arm64 | 2.3 | 24.00 | OK | |||
r-release-macos-x86_64 | 2.3 | 42.00 | OK | |||
r-release-windows-x86_64 | 2.3 | 6.00 | 70.00 | 76.00 | OK | |
r-oldrel-macos-arm64 | 2.3 | 28.00 | OK | |||
r-oldrel-macos-x86_64 | 2.3 | 36.00 | OK | |||
r-oldrel-windows-x86_64 | 2.3 | 5.00 | 68.00 | 73.00 | OK |
Version: 2.3
Check: CRAN incoming feasibility
Result: NOTE
Maintainer: ‘Maria Mercedes Gregorio-Dominguez <mercedes@itam.mx>’
No Authors@R field in DESCRIPTION.
Please add one, modifying
Authors@R: c(person(given = c("Juan", "Jose"),
family = "Fernandez-Duran",
role = "aut"),
person(given = c("Maria", "Mercedes"),
family = "Gregorio-Dominguez",
role = c("aut", "cre"),
email = "mercedes@itam.mx"))
as necessary.
Flavors: r-devel-linux-x86_64-debian-clang, r-devel-linux-x86_64-debian-gcc