Last updated on 2025-05-06 03:50:59 CEST.
Flavor | Version | Tinstall | Tcheck | Ttotal | Status | Flags |
---|---|---|---|---|---|---|
r-devel-linux-x86_64-debian-clang | 1.7.10 | 17.67 | 124.00 | 141.67 | NOTE | |
r-devel-linux-x86_64-debian-gcc | 1.7.10 | 10.67 | 90.68 | 101.35 | NOTE | |
r-devel-linux-x86_64-fedora-clang | 1.7.10 | 214.95 | OK | |||
r-devel-linux-x86_64-fedora-gcc | 1.7.10 | 209.62 | OK | |||
r-devel-windows-x86_64 | 1.7.10 | 21.00 | 136.00 | 157.00 | OK | |
r-patched-linux-x86_64 | 1.7.10 | 15.19 | 119.22 | 134.41 | OK | |
r-release-linux-x86_64 | 1.7.10 | 15.12 | 117.75 | 132.87 | OK | |
r-release-macos-arm64 | 1.7.10 | 77.00 | OK | |||
r-release-macos-x86_64 | 1.7.10 | 123.00 | OK | |||
r-release-windows-x86_64 | 1.7.10 | 22.00 | 137.00 | 159.00 | OK | |
r-oldrel-macos-arm64 | 1.7.10 | 65.00 | OK | |||
r-oldrel-macos-x86_64 | 1.7.10 | 92.00 | OK | |||
r-oldrel-windows-x86_64 | 1.7.10 | 27.00 | 173.00 | 200.00 | OK |
Version: 1.7.10
Check: CRAN incoming feasibility
Result: NOTE
Maintainer: ‘Luis Alfonso Perez Martos <lapm0001@gmail.com>’
No Authors@R field in DESCRIPTION.
Please add one, modifying
Authors@R: person(given = c("Luis", "Alfonso", "Perez"),
family = "Martos",
role = c("aut", "cre"),
email = "lapm0001@gmail.com",
comment = c(ORCID = "0000-0002-5154-6105"))
as necessary.
Flavors: r-devel-linux-x86_64-debian-clang, r-devel-linux-x86_64-debian-gcc