CRAN Package Check Results for Package CommonMean.Copula

Last updated on 2025-05-07 03:50:57 CEST.

Flavor Version Tinstall Tcheck Ttotal Status Flags
r-devel-linux-x86_64-debian-clang 1.0.4 1.89 18.56 20.45 NOTE
r-devel-linux-x86_64-debian-gcc 1.0.4 1.37 15.01 16.38 NOTE
r-devel-linux-x86_64-fedora-clang 1.0.4 32.56 OK
r-devel-linux-x86_64-fedora-gcc 1.0.4 30.53 OK
r-devel-windows-x86_64 1.0.4 3.00 41.00 44.00 OK
r-patched-linux-x86_64 1.0.4 1.91 18.07 19.98 OK
r-release-linux-x86_64 1.0.4 1.90 17.88 19.78 OK
r-release-macos-arm64 1.0.4 15.00 OK
r-release-macos-x86_64 1.0.4 24.00 OK
r-release-windows-x86_64 1.0.4 3.00 41.00 44.00 OK
r-oldrel-macos-arm64 1.0.4 20.00 OK
r-oldrel-macos-x86_64 1.0.4 23.00 OK
r-oldrel-windows-x86_64 1.0.4 3.00 44.00 47.00 OK

Check Details

Version: 1.0.4
Check: CRAN incoming feasibility
Result: NOTE Maintainer: ‘Jia-Han Shih <tommy355097@gmail.com>’ No Authors@R field in DESCRIPTION. Please add one, modifying Authors@R: person(given = "Jia-Han", family = "Shih", role = c("aut", "cre"), email = "tommy355097@gmail.com") as necessary. Flavors: r-devel-linux-x86_64-debian-clang, r-devel-linux-x86_64-debian-gcc