CRAN Package Check Results for Package CopCTS

Last updated on 2025-05-04 03:50:50 CEST.

Flavor Version Tinstall Tcheck Ttotal Status Flags
r-devel-linux-x86_64-debian-clang 1.0.0 10.39 84.68 95.07 NOTE
r-devel-linux-x86_64-debian-gcc 1.0.0 7.11 61.40 68.51 NOTE
r-devel-linux-x86_64-fedora-clang 1.0.0 146.40 NOTE
r-devel-linux-x86_64-fedora-gcc 1.0.0 140.95 NOTE
r-devel-windows-x86_64 1.0.0 13.00 88.00 101.00 NOTE
r-patched-linux-x86_64 1.0.0 11.50 79.22 90.72 NOTE
r-release-linux-x86_64 NOTE
r-release-macos-arm64 1.0.0 47.00 NOTE
r-release-macos-x86_64 1.0.0 92.00 NOTE
r-release-windows-x86_64 1.0.0 11.00 90.00 101.00 NOTE
r-oldrel-macos-arm64 1.0.0 39.00 NOTE
r-oldrel-macos-x86_64 1.0.0 56.00 NOTE
r-oldrel-windows-x86_64 1.0.0 16.00 113.00 129.00 NOTE

Check Details

Version: 1.0.0
Check: CRAN incoming feasibility
Result: NOTE Maintainer: ‘Fuyuan David Li <LFY@gwmail.gwu.edu>’ No Authors@R field in DESCRIPTION. Please add one, modifying Authors@R: person(given = c("Fuyuan", "David"), family = "Li", role = c("aut", "cre"), email = "lfy@gwmail.gwu.edu") as necessary. Flavors: r-devel-linux-x86_64-debian-clang, r-devel-linux-x86_64-debian-gcc

Version: 1.0.0
Check: Rd files
Result: NOTE checkRd: (-1) condQestCopC.Rd:45: Lost braces; missing escapes or markup? 45 | obtain the conditional qth quantile of Y_{n+1} given {Y1,...,Yn}. | ^ checkRd: (-1) condQestCopC.Rd:45: Lost braces; missing escapes or markup? 45 | obtain the conditional qth quantile of Y_{n+1} given {Y1,...,Yn}. | ^ checkRd: (-1) condQestCopC.Rd:40: Lost braces; missing escapes or markup? 40 | \code{condQestCopC} returns the conditional tao-th quantile of Y_{n+1} given {Y1,...,Yn} | ^ checkRd: (-1) condQestCopC.Rd:40: Lost braces; missing escapes or markup? 40 | \code{condQestCopC} returns the conditional tao-th quantile of Y_{n+1} given {Y1,...,Yn} | ^ Flavors: r-devel-linux-x86_64-debian-clang, r-devel-linux-x86_64-debian-gcc, r-devel-linux-x86_64-fedora-clang, r-devel-linux-x86_64-fedora-gcc, r-devel-windows-x86_64, r-patched-linux-x86_64, r-release-linux-x86_64, r-release-macos-arm64, r-release-macos-x86_64, r-release-windows-x86_64, r-oldrel-macos-arm64, r-oldrel-macos-x86_64, r-oldrel-windows-x86_64