Last updated on 2025-05-07 03:50:57 CEST.
Flavor | Version | Tinstall | Tcheck | Ttotal | Status | Flags |
---|---|---|---|---|---|---|
r-devel-linux-x86_64-debian-clang | 1.0.0 | 8.14 | 60.81 | 68.95 | NOTE | |
r-devel-linux-x86_64-debian-gcc | 1.0.0 | 6.50 | 45.45 | 51.95 | NOTE | |
r-devel-linux-x86_64-fedora-clang | 1.0.0 | 109.24 | OK | |||
r-devel-linux-x86_64-fedora-gcc | 1.0.0 | 106.84 | OK | |||
r-devel-windows-x86_64 | 1.0.0 | 9.00 | 72.00 | 81.00 | OK | |
r-patched-linux-x86_64 | 1.0.0 | 8.17 | 58.95 | 67.12 | OK | |
r-release-linux-x86_64 | 1.0.0 | 8.45 | 58.22 | 66.67 | OK | |
r-release-macos-arm64 | 1.0.0 | 36.00 | OK | |||
r-release-macos-x86_64 | 1.0.0 | 56.00 | OK | |||
r-release-windows-x86_64 | 1.0.0 | 9.00 | 72.00 | 81.00 | OK | |
r-oldrel-macos-arm64 | 1.0.0 | 33.00 | NOTE | |||
r-oldrel-macos-x86_64 | 1.0.0 | 47.00 | NOTE | |||
r-oldrel-windows-x86_64 | 1.0.0 | 12.00 | 86.00 | 98.00 | NOTE |
Version: 1.0.0
Check: CRAN incoming feasibility
Result: NOTE
Maintainer: ‘Xin-Wei Huang <xinweihuang@hotmail.com>’
No Authors@R field in DESCRIPTION.
Please add one, modifying
Authors@R: c(person(given = "Xin-Wei",
family = "Huang",
role = c("aut", "cre"),
email = "xinweihuang@hotmail.com"),
person(given = "Takeshi",
family = "Emura",
role = "aut"))
as necessary.
Flavors: r-devel-linux-x86_64-debian-clang, r-devel-linux-x86_64-debian-gcc
Version: 1.0.0
Check: LazyData
Result: NOTE
'LazyData' is specified without a 'data' directory
Flavors: r-oldrel-macos-arm64, r-oldrel-macos-x86_64, r-oldrel-windows-x86_64