Last updated on 2025-05-06 03:50:59 CEST.
Flavor | Version | Tinstall | Tcheck | Ttotal | Status | Flags |
---|---|---|---|---|---|---|
r-devel-linux-x86_64-debian-clang | 0.5.0 | 9.53 | 62.04 | 71.57 | NOTE | |
r-devel-linux-x86_64-debian-gcc | 0.5.0 | 6.53 | 46.68 | 53.21 | NOTE | |
r-devel-linux-x86_64-fedora-clang | 0.5.0 | 107.88 | OK | |||
r-devel-linux-x86_64-fedora-gcc | 0.5.0 | 104.23 | OK | |||
r-devel-windows-x86_64 | 0.5.0 | 12.00 | 83.00 | 95.00 | OK | |
r-patched-linux-x86_64 | 0.5.0 | 8.76 | 59.47 | 68.23 | OK | |
r-release-linux-x86_64 | 0.5.0 | 8.79 | 59.12 | 67.91 | OK | |
r-release-macos-arm64 | 0.5.0 | 42.00 | OK | |||
r-release-macos-x86_64 | 0.5.0 | 93.00 | OK | |||
r-release-windows-x86_64 | 0.5.0 | 13.00 | 83.00 | 96.00 | OK | |
r-oldrel-macos-arm64 | 0.5.0 | 36.00 | OK | |||
r-oldrel-macos-x86_64 | 0.5.0 | 53.00 | OK | |||
r-oldrel-windows-x86_64 | 0.5.0 | 15.00 | 97.00 | 112.00 | OK |
Version: 0.5.0
Check: CRAN incoming feasibility
Result: NOTE
Maintainer: ‘Bouchra R. Nasri <bouchra.nasri@umontreal.ca>’
The Description field contains
<arXiv:2301.13408>.
Please refer to arXiv e-prints via their arXiv DOI <doi:10.48550/arXiv.YYMM.NNNNN>.
Flavors: r-devel-linux-x86_64-debian-clang, r-devel-linux-x86_64-debian-gcc