Last updated on 2025-05-04 03:50:50 CEST.
Flavor | Version | Tinstall | Tcheck | Ttotal | Status | Flags |
---|---|---|---|---|---|---|
r-devel-linux-x86_64-debian-clang | 2.70 | 5.58 | 70.02 | 75.60 | NOTE | |
r-devel-linux-x86_64-debian-gcc | 2.70 | 3.52 | 65.83 | 69.35 | NOTE | |
r-devel-linux-x86_64-fedora-clang | 2.70 | 113.96 | OK | |||
r-devel-linux-x86_64-fedora-gcc | 2.70 | 126.47 | OK | |||
r-devel-windows-x86_64 | 2.70 | 6.00 | 96.00 | 102.00 | OK | |
r-patched-linux-x86_64 | 2.70 | 5.28 | 68.60 | 73.88 | OK | |
r-release-linux-x86_64 | OK | |||||
r-release-macos-arm64 | 2.70 | 56.00 | OK | |||
r-release-macos-x86_64 | 2.70 | 91.00 | OK | |||
r-release-windows-x86_64 | 2.70 | 7.00 | 96.00 | 103.00 | OK | |
r-oldrel-macos-arm64 | 2.70 | 58.00 | OK | |||
r-oldrel-macos-x86_64 | 2.70 | 109.00 | OK | |||
r-oldrel-windows-x86_64 | 2.70 | 8.00 | 112.00 | 120.00 | OK |
Version: 2.70
Check: CRAN incoming feasibility
Result: NOTE
Maintainer: ‘R Barfield <barfieldrichard8@gmail.com>’
No Authors@R field in DESCRIPTION.
Please add one, modifying
Authors@R: c(person(family = "Barfield",
role = "aut"),
person(family = "R.",
role = "aut"),
person(family = "Conneely",
role = "aut"),
person(family = "K.",
role = "aut"),
person(family = "Kilaru,V",
role = "aut"),
person(given = "R",
family = "Barfield",
role = "cre",
email = "barfieldrichard8@gmail.com"))
as necessary.
Flavors: r-devel-linux-x86_64-debian-clang, r-devel-linux-x86_64-debian-gcc