Last updated on 2025-05-07 03:50:57 CEST.
Flavor | Version | Tinstall | Tcheck | Ttotal | Status | Flags |
---|---|---|---|---|---|---|
r-devel-linux-x86_64-debian-clang | 0.1.2 | 1.80 | 19.12 | 20.92 | NOTE | |
r-devel-linux-x86_64-debian-gcc | 0.1.2 | 1.40 | 15.46 | 16.86 | NOTE | |
r-devel-linux-x86_64-fedora-clang | 0.1.2 | 32.51 | OK | |||
r-devel-linux-x86_64-fedora-gcc | 0.1.2 | 30.60 | OK | |||
r-devel-windows-x86_64 | 0.1.2 | 3.00 | 39.00 | 42.00 | OK | |
r-patched-linux-x86_64 | 0.1.2 | 1.70 | 18.02 | 19.72 | OK | |
r-release-linux-x86_64 | 0.1.2 | 1.81 | 18.17 | 19.98 | OK | |
r-release-macos-arm64 | 0.1.2 | 15.00 | OK | |||
r-release-macos-x86_64 | 0.1.2 | 24.00 | OK | |||
r-release-windows-x86_64 | 0.1.2 | 3.00 | 40.00 | 43.00 | OK | |
r-oldrel-macos-arm64 | 0.1.2 | 15.00 | OK | |||
r-oldrel-macos-x86_64 | 0.1.2 | 21.00 | OK | |||
r-oldrel-windows-x86_64 | 0.1.2 | 3.00 | 49.00 | 52.00 | OK |
Version: 0.1.2
Check: CRAN incoming feasibility
Result: NOTE
Maintainer: ‘Yimin Chen <chenyimin0226@126.com>’
No Authors@R field in DESCRIPTION.
Please add one, modifying
Authors@R: c(person(given = "Yimin",
family = "Chen",
role = c("aut", "cre"),
email = "chenyimin0226@126.com"),
person(given = "Zhang",
family = "Jinxin",
role = "aut"))
as necessary.
Flavors: r-devel-linux-x86_64-debian-clang, r-devel-linux-x86_64-debian-gcc