CRAN Package Check Results for Package DACF

Last updated on 2025-05-07 03:50:57 CEST.

Flavor Version Tinstall Tcheck Ttotal Status Flags
r-devel-linux-x86_64-debian-clang 1.0.0 1.69 23.29 24.98 OK
r-devel-linux-x86_64-debian-gcc 1.0.0 1.32 19.17 20.49 OK
r-devel-linux-x86_64-fedora-clang 1.0.0 38.33 OK
r-devel-linux-x86_64-fedora-gcc 1.0.0 50.45 OK
r-devel-windows-x86_64 1.0.0 3.00 43.00 46.00 OK
r-patched-linux-x86_64 1.0.0 1.78 21.32 23.10 OK
r-release-linux-x86_64 1.0.0 1.81 21.23 23.04 OK
r-release-macos-arm64 1.0.0 33.00 OK
r-release-macos-x86_64 1.0.0 40.00 OK
r-release-windows-x86_64 1.0.0 4.00 45.00 49.00 OK
r-oldrel-macos-arm64 1.0.0 21.00 NOTE
r-oldrel-macos-x86_64 1.0.0 32.00 NOTE
r-oldrel-windows-x86_64 1.0.0 3.00 49.00 52.00 NOTE

Check Details

Version: 1.0.0
Check: LazyData
Result: NOTE 'LazyData' is specified without a 'data' directory Flavors: r-oldrel-macos-arm64, r-oldrel-macos-x86_64, r-oldrel-windows-x86_64