Last updated on 2025-05-07 03:50:58 CEST.
Flavor | Version | Tinstall | Tcheck | Ttotal | Status | Flags |
---|---|---|---|---|---|---|
r-devel-linux-x86_64-debian-clang | 0.0.1 | 3.85 | 24.25 | 28.10 | NOTE | |
r-devel-linux-x86_64-debian-gcc | 0.0.1 | 3.41 | 19.49 | 22.90 | NOTE | |
r-devel-linux-x86_64-fedora-clang | 0.0.1 | 49.59 | NOTE | |||
r-devel-linux-x86_64-fedora-gcc | 0.0.1 | 57.40 | NOTE | |||
r-devel-windows-x86_64 | 0.0.1 | 5.00 | 45.00 | 50.00 | NOTE | |
r-patched-linux-x86_64 | 0.0.1 | 3.95 | 23.05 | 27.00 | NOTE | |
r-release-linux-x86_64 | 0.0.1 | 3.92 | 22.99 | 26.91 | NOTE | |
r-release-macos-arm64 | 0.0.1 | 37.00 | NOTE | |||
r-release-macos-x86_64 | 0.0.1 | 44.00 | NOTE | |||
r-release-windows-x86_64 | 0.0.1 | 6.00 | 45.00 | 51.00 | NOTE | |
r-oldrel-macos-arm64 | 0.0.1 | 24.00 | NOTE | |||
r-oldrel-macos-x86_64 | 0.0.1 | 35.00 | NOTE | |||
r-oldrel-windows-x86_64 | 0.0.1 | 7.00 | 51.00 | 58.00 | NOTE |
Version: 0.0.1
Check: Rd files
Result: NOTE
checkRd: (-1) data.Rd:11: Lost braces
11 | \doi{10.1007/s40258-021-00647-3}{DOI}
| ^
Flavors: r-devel-linux-x86_64-debian-clang, r-devel-linux-x86_64-debian-gcc, r-devel-linux-x86_64-fedora-clang, r-devel-linux-x86_64-fedora-gcc, r-devel-windows-x86_64, r-patched-linux-x86_64, r-release-linux-x86_64, r-release-macos-arm64, r-release-macos-x86_64, r-release-windows-x86_64, r-oldrel-macos-arm64, r-oldrel-macos-x86_64, r-oldrel-windows-x86_64