Last updated on 2025-05-04 03:50:51 CEST.
Flavor | Version | Tinstall | Tcheck | Ttotal | Status | Flags |
---|---|---|---|---|---|---|
r-devel-linux-x86_64-debian-clang | 0.2-10 | 7.51 | 71.18 | 78.69 | NOTE | |
r-devel-linux-x86_64-debian-gcc | 0.2-10 | 5.59 | 52.94 | 58.53 | NOTE | |
r-devel-linux-x86_64-fedora-clang | 0.2-10 | 129.41 | OK | |||
r-devel-linux-x86_64-fedora-gcc | 0.2-10 | 125.72 | OK | |||
r-devel-windows-x86_64 | 0.2-10 | 12.00 | 95.00 | 107.00 | OK | |
r-patched-linux-x86_64 | 0.2-10 | 8.10 | 68.30 | 76.40 | OK | |
r-release-linux-x86_64 | OK | |||||
r-release-macos-arm64 | 0.2-10 | 44.00 | OK | |||
r-release-macos-x86_64 | 0.2-10 | 82.00 | OK | |||
r-release-windows-x86_64 | 0.2-10 | 12.00 | 94.00 | 106.00 | OK | |
r-oldrel-macos-arm64 | 0.2-10 | 36.00 | OK | |||
r-oldrel-macos-x86_64 | 0.2-10 | 59.00 | OK | |||
r-oldrel-windows-x86_64 | 0.2-10 | 14.00 | 113.00 | 127.00 | OK |
Version: 0.2-10
Check: CRAN incoming feasibility
Result: NOTE
Maintainer: ‘Virgilio Gómez-Rubio <Virgilio.Gomez@uclm.es>’
No Authors@R field in DESCRIPTION.
Please add one, modifying
Authors@R: c(person(given = "Virgilio",
family = "Gómez-Rubio",
role = c("aut", "cre"),
email = "virgilio.gomez@uclm.es"),
person(given = "Juan",
family = "Ferrándiz-Ferragud",
role = "aut"),
person(given = "Antonio",
family = "López-Quílez",
role = "aut"),
person(given = c("with", "contributions", "by", "Roger"),
family = "Bivand.",
role = "aut"))
as necessary.
Flavors: r-devel-linux-x86_64-debian-clang, r-devel-linux-x86_64-debian-gcc